CRAN Package Check Results for Package TBRDist

Last updated on 2021-06-15 01:50:41 CEST.

Flavor Version Tinstall Tcheck Ttotal Status Flags
r-devel-linux-x86_64-debian-clang 1.0.2 47.24 112.73 159.97 NOTE
r-devel-linux-x86_64-debian-gcc 1.0.2 35.26 89.10 124.36 NOTE
r-devel-linux-x86_64-fedora-clang 1.0.2 216.24 NOTE
r-devel-linux-x86_64-fedora-gcc 1.0.2 202.54 NOTE
r-devel-windows-x86_64 1.0.2 58.00 157.00 215.00 NOTE
r-devel-windows-x86_64-gcc10-UCRT 1.0.2 NOTE
r-patched-linux-x86_64 1.0.2 38.37 111.76 150.13 NOTE
r-patched-solaris-x86 1.0.2 298.70 NOTE
r-release-linux-x86_64 1.0.2 37.03 110.69 147.72 NOTE
r-release-macos-arm64 1.0.2 NOTE
r-release-macos-x86_64 1.0.2 NOTE
r-release-windows-ix86+x86_64 1.0.2 108.00 221.00 329.00 NOTE
r-oldrel-macos-x86_64 1.0.2 NOTE
r-oldrel-windows-ix86+x86_64 1.0.2 109.00 242.00 351.00 OK

Check Details

Version: 1.0.2
Check: LazyData
Result: NOTE
     'LazyData' is specified without a 'data' directory
Flavors: r-devel-linux-x86_64-debian-clang, r-devel-linux-x86_64-debian-gcc, r-devel-linux-x86_64-fedora-clang, r-devel-linux-x86_64-fedora-gcc, r-devel-windows-x86_64, r-devel-windows-x86_64-gcc10-UCRT, r-patched-linux-x86_64, r-patched-solaris-x86, r-release-linux-x86_64, r-release-macos-arm64, r-release-macos-x86_64, r-release-windows-ix86+x86_64

Version: 1.0.2
Check: installed package size
Result: NOTE
     installed size is 6.4Mb
     sub-directories of 1Mb or more:
     libs 6.2Mb
Flavors: r-release-macos-arm64, r-release-macos-x86_64, r-oldrel-macos-x86_64