Last updated on 2024-03-28 23:02:00 CET.
Flavor | Version | Tinstall | Tcheck | Ttotal | Status | Flags |
---|---|---|---|---|---|---|
r-devel-linux-x86_64-debian-clang | 1.0.6 | 2.15 | 31.86 | 34.01 | NOTE | |
r-devel-linux-x86_64-debian-gcc | 1.0.6 | 2.13 | 25.27 | 27.40 | NOTE | |
r-devel-linux-x86_64-fedora-clang | 1.0.6 | 46.29 | NOTE | |||
r-devel-linux-x86_64-fedora-gcc | 1.0.6 | 57.25 | NOTE | |||
r-devel-windows-x86_64 | 1.0.6 | 3.00 | 49.00 | 52.00 | NOTE | |
r-patched-linux-x86_64 | 1.0.6 | 1.93 | 32.17 | 34.10 | NOTE | |
r-release-linux-x86_64 | 1.0.6 | 2.47 | 30.30 | 32.77 | NOTE | |
r-release-macos-arm64 | 1.0.6 | 22.00 | NOTE | |||
r-release-macos-x86_64 | 1.0.6 | 32.00 | NOTE | |||
r-release-windows-x86_64 | 1.0.6 | 4.00 | 49.00 | 53.00 | NOTE | |
r-oldrel-macos-arm64 | 1.0.6 | 19.00 | NOTE | |||
r-oldrel-windows-x86_64 | 1.0.6 | 4.00 | 52.00 | 56.00 | NOTE |
Version: 1.0.6
Check: LazyData
Result: NOTE
'LazyData' is specified without a 'data' directory
Flavors: r-devel-linux-x86_64-debian-clang, r-devel-linux-x86_64-debian-gcc, r-devel-linux-x86_64-fedora-clang, r-devel-linux-x86_64-fedora-gcc, r-devel-windows-x86_64, r-patched-linux-x86_64, r-release-linux-x86_64, r-release-macos-arm64, r-release-macos-x86_64, r-release-windows-x86_64, r-oldrel-macos-arm64, r-oldrel-windows-x86_64