CRAN Package Check Results for Package TCIApathfinder

Last updated on 2021-11-27 22:57:12 CET.

Flavor Version Tinstall Tcheck Ttotal Status Flags
r-devel-linux-x86_64-debian-clang 1.0.6 NOTE
r-devel-linux-x86_64-debian-gcc 1.0.6 1.91 20.58 22.49 NOTE
r-devel-linux-x86_64-fedora-clang 1.0.6 46.64 NOTE
r-devel-linux-x86_64-fedora-gcc 1.0.6 35.30 NOTE
r-devel-windows-x86_64-new-UL 1.0.6 8.00 73.00 81.00 NOTE
r-devel-windows-x86_64-new-TK 1.0.6 NOTE
r-devel-windows-x86_64-old 1.0.6 5.00 34.00 39.00 NOTE
r-patched-linux-x86_64 1.0.6 3.09 25.96 29.05 NOTE
r-patched-solaris-x86 1.0.6 52.30 NOTE
r-release-linux-x86_64 1.0.6 NOTE
r-release-macos-arm64 1.0.6 NOTE
r-release-macos-x86_64 1.0.6 NOTE
r-release-windows-ix86+x86_64 1.0.6 6.00 44.00 50.00 NOTE
r-oldrel-macos-x86_64 1.0.6 OK
r-oldrel-windows-ix86+x86_64 1.0.6 4.00 44.00 48.00 OK

Check Details

Version: 1.0.6
Check: LazyData
Result: NOTE
     'LazyData' is specified without a 'data' directory
Flavors: r-devel-linux-x86_64-debian-clang, r-devel-linux-x86_64-debian-gcc, r-devel-linux-x86_64-fedora-clang, r-devel-linux-x86_64-fedora-gcc, r-devel-windows-x86_64-new-UL, r-devel-windows-x86_64-new-TK, r-devel-windows-x86_64-old, r-patched-linux-x86_64, r-patched-solaris-x86, r-release-linux-x86_64, r-release-macos-arm64, r-release-macos-x86_64, r-release-windows-ix86+x86_64