Last updated on 2023-11-27 23:11:54 CET.
Flavor | Version | Tinstall | Tcheck | Ttotal | Status | Flags |
---|---|---|---|---|---|---|
r-devel-linux-x86_64-debian-clang | 0.1.2 | 79.80 | 195.14 | 274.94 | NOTE | |
r-devel-linux-x86_64-debian-gcc | 0.1.2 | 57.60 | 153.79 | 211.39 | NOTE | |
r-devel-linux-x86_64-fedora-clang | 0.1.2 | 354.22 | NOTE | |||
r-devel-linux-x86_64-fedora-gcc | 0.1.2 | 345.35 | NOTE | |||
r-devel-windows-x86_64 | 0.1.2 | 60.00 | 167.00 | 227.00 | NOTE | |
r-patched-linux-x86_64 | 0.1.2 | 59.55 | 191.83 | 251.38 | NOTE | |
r-release-linux-x86_64 | 0.1.2 | 52.93 | 187.45 | 240.38 | NOTE | |
r-release-macos-arm64 | 0.1.2 | 91.00 | NOTE | |||
r-release-macos-x86_64 | 0.1.2 | 158.00 | NOTE | |||
r-release-windows-x86_64 | 0.1.2 | 82.00 | 209.00 | 291.00 | NOTE | |
r-oldrel-macos-arm64 | 0.1.2 | 81.00 | OK | |||
r-oldrel-macos-x86_64 | 0.1.2 | 136.00 | OK | |||
r-oldrel-windows-x86_64 | 0.1.2 | 83.00 | 356.00 | 439.00 | OK |
Version: 0.1.2
Check: C++ specification
Result: NOTE
Specified C++11: please drop specification unless essential
Flavors: r-devel-linux-x86_64-debian-clang, r-devel-linux-x86_64-debian-gcc, r-devel-linux-x86_64-fedora-clang, r-devel-linux-x86_64-fedora-gcc, r-devel-windows-x86_64, r-patched-linux-x86_64, r-release-linux-x86_64, r-release-macos-arm64, r-release-macos-x86_64, r-release-windows-x86_64
Version: 0.1.2
Check: Rd cross-references
Result: NOTE
Undeclared package ‘Rtsne’ in Rd xrefs
Flavor: r-devel-linux-x86_64-fedora-clang