CRAN Package Check Results for Package TDAkit

Last updated on 2021-07-30 22:57:46 CEST.

Flavor Version Tinstall Tcheck Ttotal Status Flags
r-devel-linux-x86_64-debian-clang 0.1.0 OK
r-devel-linux-x86_64-debian-gcc 0.1.0 44.58 82.34 126.92 OK
r-devel-linux-x86_64-fedora-clang 0.1.0 231.62 NOTE
r-devel-linux-x86_64-fedora-gcc 0.1.0 210.39 OK
r-devel-windows-x86_64 0.1.0 81.00 141.00 222.00 OK
r-devel-windows-x86_64-gcc10-UCRT 0.1.0 OK
r-patched-linux-x86_64 0.1.0 OK
r-patched-solaris-x86 0.1.0 242.60 OK
r-release-linux-x86_64 0.1.0 51.68 103.26 154.94 OK
r-release-macos-arm64 0.1.0 OK
r-release-macos-x86_64 0.1.0 OK
r-release-windows-ix86+x86_64 0.1.0 155.00 140.00 295.00 OK
r-oldrel-macos-x86_64 0.1.0 OK
r-oldrel-windows-ix86+x86_64 0.1.0 143.00 222.00 365.00 OK

Check Details

Version: 0.1.0
Check: Rd cross-references
Result: NOTE
    Undeclared package ‘Rtsne’ in Rd xrefs
Flavor: r-devel-linux-x86_64-fedora-clang