CRAN Package Check Results for Package TDApplied

Last updated on 2024-02-24 21:40:35 CET.

Flavor Version Tinstall Tcheck Ttotal Status Flags
r-devel-linux-x86_64-debian-clang 3.0.2 157.19 133.99 291.18 OK
r-devel-linux-x86_64-debian-gcc 3.0.2 104.04 100.84 204.88 OK
r-devel-linux-x86_64-fedora-clang 3.0.2 425.74 NOTE
r-devel-linux-x86_64-fedora-gcc 3.0.2 410.45 OK
r-devel-windows-x86_64 3.0.2 109.00 436.00 545.00 NOTE
r-patched-linux-x86_64 3.0.2 143.75 130.86 274.61 OK
r-release-linux-x86_64 3.0.2 124.31 125.68 249.99 OK
r-release-macos-arm64 3.0.2 187.00 NOTE
r-release-macos-x86_64 3.0.2 307.00 NOTE
r-release-windows-x86_64 3.0.2 138.00 620.00 758.00 NOTE
r-oldrel-macos-arm64 3.0.2 190.00 NOTE
r-oldrel-windows-x86_64 3.0.2 133.00 585.00 718.00 NOTE

Check Details

Version: 3.0.2
Check: installed package size
Result: NOTE installed size is 8.7Mb sub-directories of 1Mb or more: doc 8.1Mb Flavors: r-devel-linux-x86_64-fedora-clang, r-devel-windows-x86_64, r-release-macos-arm64, r-release-macos-x86_64, r-release-windows-x86_64, r-oldrel-macos-arm64, r-oldrel-windows-x86_64