CRAN Package Check Results for Package TESS

Last updated on 2021-05-06 22:55:38 CEST.

Flavor Version Tinstall Tcheck Ttotal Status Flags
r-devel-linux-x86_64-debian-clang 2.1.0 24.46 139.34 163.80 NOTE
r-devel-linux-x86_64-debian-gcc 2.1.0 18.42 106.42 124.84 NOTE
r-devel-linux-x86_64-fedora-clang 2.1.0 208.15 NOTE
r-devel-linux-x86_64-fedora-gcc 2.1.0 193.58 NOTE
r-devel-windows-ix86+x86_64 2.1.0 38.00 212.00 250.00 OK
r-devel-windows-x86_64-gcc10-UCRT 2.1.0 OK
r-patched-linux-x86_64 2.1.0 25.83 134.30 160.13 NOTE
r-patched-solaris-x86 2.1.0 247.20 NOTE
r-release-linux-x86_64 2.1.0 20.43 132.55 152.98 NOTE
r-release-macos-x86_64 2.1.0 OK
r-release-windows-ix86+x86_64 2.1.0 40.00 182.00 222.00 OK
r-oldrel-macos-x86_64 2.1.0 OK

Check Details

Version: 2.1.0
Check: for non-standard things in the check directory
Result: NOTE
    Found the following files/directories:
     'ExtinctionRateChanges.txt' 'ExtinctionRates.txt'
     'MassExtinctionTimes.txt' 'SpeciationRateChanges.txt'
     'SpeciationRates.txt' 'SurvivalProbabilities.txt' 'analysis_conifer'
     'input_tree.tre' 'run_1' 'run_2' 'samples_numCategories.txt'
Flavors: r-devel-linux-x86_64-debian-clang, r-devel-linux-x86_64-debian-gcc, r-devel-linux-x86_64-fedora-clang, r-devel-linux-x86_64-fedora-gcc, r-patched-linux-x86_64, r-patched-solaris-x86, r-release-linux-x86_64

Version: 2.1.0
Check: compiled code
Result: NOTE
    File ‘TESS/libs/TESS.so’:
     Found no calls to: ‘R_registerRoutines’, ‘R_useDynamicSymbols’
    
    It is good practice to register native routines and to disable symbol
    search.
    
    See ‘Writing portable packages’ in the ‘Writing R Extensions’ manual.
Flavors: r-devel-linux-x86_64-fedora-clang, r-devel-linux-x86_64-fedora-gcc