Last updated on 2023-09-22 23:05:14 CEST.
Flavor | Version | Tinstall | Tcheck | Ttotal | Status | Flags |
---|---|---|---|---|---|---|
r-devel-linux-x86_64-debian-clang | 0.0.9 | 17.71 | 27.56 | 45.27 | NOTE | |
r-devel-linux-x86_64-debian-gcc | 0.0.9 | 12.17 | 21.19 | 33.36 | NOTE | |
r-devel-linux-x86_64-fedora-clang | 0.0.9 | 69.15 | NOTE | |||
r-devel-linux-x86_64-fedora-gcc | 0.0.9 | 61.38 | NOTE | |||
r-devel-windows-x86_64 | 0.0.9 | 17.00 | 62.00 | 79.00 | NOTE | |
r-patched-linux-x86_64 | 0.0.9 | 16.42 | 26.98 | 43.40 | NOTE | |
r-release-linux-x86_64 | 0.0.9 | 17.33 | 26.61 | 43.94 | NOTE | |
r-release-macos-arm64 | 0.0.9 | 23.00 | NOTE | |||
r-release-macos-x86_64 | 0.0.9 | 36.00 | NOTE | |||
r-release-windows-x86_64 | 0.0.9 | 17.00 | 67.00 | 84.00 | NOTE | |
r-oldrel-macos-arm64 | 0.0.9 | 24.00 | OK | |||
r-oldrel-macos-x86_64 | 0.0.9 | 29.00 | OK | |||
r-oldrel-windows-x86_64 | 0.0.9 | 21.00 | 67.00 | 88.00 | OK |
Version: 0.0.9
Check: C++ specification
Result: NOTE
Specified C++11: please drop specification unless essential
Flavors: r-devel-linux-x86_64-debian-clang, r-devel-linux-x86_64-debian-gcc, r-devel-linux-x86_64-fedora-clang, r-devel-linux-x86_64-fedora-gcc, r-devel-windows-x86_64, r-patched-linux-x86_64, r-release-linux-x86_64, r-release-macos-arm64, r-release-macos-x86_64, r-release-windows-x86_64