CRAN Package Check Results for Package TGS

Last updated on 2024-06-23 22:48:43 CEST.

Flavor Version Tinstall Tcheck Ttotal Status Flags
r-devel-linux-x86_64-debian-clang 1.0.1 4.77 38.66 43.43 NOTE
r-devel-linux-x86_64-debian-gcc 1.0.1 2.82 28.76 31.58 NOTE
r-devel-linux-x86_64-fedora-clang 1.0.1 55.11 NOTE
r-devel-linux-x86_64-fedora-gcc 1.0.1 65.33 NOTE
r-devel-windows-x86_64 1.0.1 5.00 49.00 54.00 NOTE
r-patched-linux-x86_64 1.0.1 4.94 36.44 41.38 NOTE
r-release-linux-x86_64 1.0.1 4.62 37.03 41.65 NOTE
r-release-macos-arm64 1.0.1 31.00 NOTE
r-release-macos-x86_64 1.0.1 47.00 NOTE
r-release-windows-x86_64 1.0.1 5.00 49.00 54.00 NOTE
r-oldrel-macos-arm64 1.0.1 27.00 NOTE
r-oldrel-macos-x86_64 1.0.1 54.00 NOTE
r-oldrel-windows-x86_64 1.0.1 7.00 52.00 59.00 NOTE

Check Details

Version: 1.0.1
Check: LazyData
Result: NOTE 'LazyData' is specified without a 'data' directory Flavors: r-devel-linux-x86_64-debian-clang, r-devel-linux-x86_64-debian-gcc, r-devel-linux-x86_64-fedora-clang, r-devel-linux-x86_64-fedora-gcc, r-devel-windows-x86_64, r-patched-linux-x86_64, r-release-linux-x86_64, r-release-macos-arm64, r-release-macos-x86_64, r-release-windows-x86_64, r-oldrel-macos-arm64, r-oldrel-macos-x86_64, r-oldrel-windows-x86_64

Version: 1.0.1
Check: dependencies in R code
Result: NOTE Namespace in Imports field not imported from: ‘ggm’ All declared Imports should be used. Flavors: r-devel-linux-x86_64-fedora-clang, r-devel-linux-x86_64-fedora-gcc