CRAN Package Check Results for Package TH.data

Last updated on 2021-05-12 22:53:48 CEST.

Flavor Version Tinstall Tcheck Ttotal Status Flags
r-devel-linux-x86_64-debian-clang 1.0-10 5.83 32.29 38.12 OK
r-devel-linux-x86_64-debian-gcc 1.0-10 5.04 25.76 30.80 OK
r-devel-linux-x86_64-fedora-clang 1.0-10 56.87 NOTE
r-devel-linux-x86_64-fedora-gcc 1.0-10 46.08 OK
r-devel-windows-ix86+x86_64 1.0-10 14.00 54.00 68.00 NOTE
r-devel-windows-x86_64-gcc10-UCRT 1.0-10 OK
r-patched-linux-x86_64 1.0-10 6.41 31.69 38.10 OK
r-patched-solaris-x86 1.0-10 77.10 NOTE
r-release-linux-x86_64 1.0-10 5.45 32.27 37.72 OK
r-release-macos-x86_64 1.0-10 NOTE
r-release-windows-ix86+x86_64 1.0-10 10.00 46.00 56.00 NOTE
r-oldrel-macos-x86_64 1.0-10 NOTE
r-oldrel-windows-ix86+x86_64 1.0-10 12.00 50.00 62.00 NOTE

Check Details

Version: 1.0-10
Check: installed package size
Result: NOTE
     installed size is 8.5Mb
     sub-directories of 1Mb or more:
     data 1.2Mb
     rda 7.1Mb
Flavors: r-devel-linux-x86_64-fedora-clang, r-devel-windows-ix86+x86_64, r-patched-solaris-x86, r-release-macos-x86_64, r-release-windows-ix86+x86_64, r-oldrel-macos-x86_64, r-oldrel-windows-ix86+x86_64