CRAN Package Check Results for Package TMDb

Last updated on 2021-11-27 22:57:13 CET.

Flavor Version Tinstall Tcheck Ttotal Status Flags
r-devel-linux-x86_64-debian-clang 1.1 NOTE
r-devel-linux-x86_64-debian-gcc 1.1 3.62 30.56 34.18 NOTE
r-devel-linux-x86_64-fedora-clang 1.1 65.15 NOTE
r-devel-linux-x86_64-fedora-gcc 1.1 54.44 NOTE
r-devel-windows-x86_64-new-UL 1.1 18.00 92.00 110.00 NOTE
r-devel-windows-x86_64-new-TK 1.1 NOTE
r-devel-windows-x86_64-old 1.1 8.00 66.00 74.00 NOTE
r-patched-linux-x86_64 1.1 6.92 37.82 44.74 NOTE
r-patched-solaris-x86 1.1 74.00 NOTE
r-release-linux-x86_64 1.1 NOTE
r-release-macos-arm64 1.1 NOTE
r-release-macos-x86_64 1.1 NOTE
r-release-windows-ix86+x86_64 1.1 10.00 43.00 53.00 NOTE
r-oldrel-macos-x86_64 1.1 OK
r-oldrel-windows-ix86+x86_64 1.1 8.00 62.00 70.00 OK

Check Details

Version: 1.1
Check: LazyData
Result: NOTE
     'LazyData' is specified without a 'data' directory
Flavors: r-devel-linux-x86_64-debian-clang, r-devel-linux-x86_64-debian-gcc, r-devel-linux-x86_64-fedora-clang, r-devel-linux-x86_64-fedora-gcc, r-devel-windows-x86_64-new-UL, r-devel-windows-x86_64-new-TK, r-devel-windows-x86_64-old, r-patched-linux-x86_64, r-patched-solaris-x86, r-release-linux-x86_64, r-release-macos-arm64, r-release-macos-x86_64, r-release-windows-ix86+x86_64