CRAN Package Check Results for Package TR8

Last updated on 2021-08-04 22:55:37 CEST.

Flavor Version Tinstall Tcheck Ttotal Status Flags
r-devel-linux-x86_64-debian-clang 0.9.22 10.42 112.27 122.69 OK
r-devel-linux-x86_64-debian-gcc 0.9.22 9.56 83.43 92.99 OK
r-devel-linux-x86_64-fedora-clang 0.9.22 151.51 NOTE
r-devel-linux-x86_64-fedora-gcc 0.9.22 139.51 NOTE
r-devel-windows-x86_64 0.9.22 31.00 134.00 165.00 OK
r-devel-windows-x86_64-gcc10-UCRT 0.9.22 NOTE
r-patched-linux-x86_64 0.9.22 11.11 104.12 115.23 OK
r-patched-solaris-x86 0.9.22 210.30 NOTE
r-release-linux-x86_64 0.9.22 10.81 104.56 115.37 OK
r-release-macos-arm64 0.9.22 NOTE
r-release-macos-x86_64 0.9.22 NOTE
r-release-windows-ix86+x86_64 0.9.22 29.00 133.00 162.00 OK
r-oldrel-macos-x86_64 0.9.22 NOTE
r-oldrel-windows-ix86+x86_64 0.9.22 35.00 142.00 177.00 OK

Check Details

Version: 0.9.22
Check: data for non-ASCII characters
Result: NOTE
     Note: found 153 marked Latin-1 strings
     Note: found 108 marked UTF-8 strings
Flavors: r-devel-linux-x86_64-fedora-clang, r-devel-linux-x86_64-fedora-gcc, r-devel-windows-x86_64-gcc10-UCRT, r-patched-solaris-x86, r-release-macos-arm64, r-release-macos-x86_64, r-oldrel-macos-x86_64