CRAN Package Check Results for Package TR8

Last updated on 2021-10-19 22:54:14 CEST.

Flavor Version Tinstall Tcheck Ttotal Status Flags
r-devel-linux-x86_64-debian-clang 0.9.22 10.56 107.35 117.91 OK
r-devel-linux-x86_64-debian-gcc 0.9.22 9.67 77.60 87.27 OK
r-devel-linux-x86_64-fedora-clang 0.9.22 149.75 NOTE
r-devel-linux-x86_64-fedora-gcc 0.9.22 134.56 NOTE
r-devel-windows-x86_64 0.9.22 22.00 226.00 248.00 OK
r-devel-windows-x86_64-gcc10-UCRT 0.9.22 NOTE
r-patched-linux-x86_64 0.9.22 10.64 98.95 109.59 OK
r-patched-solaris-x86 0.9.22 206.90 NOTE
r-release-linux-x86_64 0.9.22 12.13 102.08 114.21 OK
r-release-macos-arm64 0.9.22 NOTE
r-release-macos-x86_64 0.9.22 NOTE
r-release-windows-ix86+x86_64 0.9.22 32.00 136.00 168.00 OK
r-oldrel-macos-x86_64 0.9.22 NOTE
r-oldrel-windows-ix86+x86_64 0.9.22 29.00 143.00 172.00 OK

Check Details

Version: 0.9.22
Check: data for non-ASCII characters
Result: NOTE
     Note: found 153 marked Latin-1 strings
     Note: found 108 marked UTF-8 strings
Flavors: r-devel-linux-x86_64-fedora-clang, r-devel-linux-x86_64-fedora-gcc, r-devel-windows-x86_64-gcc10-UCRT, r-patched-solaris-x86, r-release-macos-arm64, r-release-macos-x86_64, r-oldrel-macos-x86_64