Last updated on 2024-04-18 22:53:04 CEST.
Flavor | Version | Tinstall | Tcheck | Ttotal | Status | Flags |
---|---|---|---|---|---|---|
r-devel-linux-x86_64-debian-clang | 0.1.0 | 2.18 | 24.31 | 26.49 | OK | |
r-devel-linux-x86_64-debian-gcc | 0.1.0 | 2.12 | 19.09 | 21.21 | OK | |
r-devel-linux-x86_64-fedora-clang | 0.1.0 | 33.73 | NOTE | |||
r-devel-linux-x86_64-fedora-gcc | 0.1.0 | 32.58 | NOTE | |||
r-prerel-macos-arm64 | 0.1.0 | 15.00 | OK | |||
r-prerel-windows-x86_64 | 0.1.0 | 4.00 | 43.00 | 47.00 | OK | |
r-patched-linux-x86_64 | 0.1.0 | 2.94 | 23.74 | 26.68 | OK | |
r-release-linux-x86_64 | 0.1.0 | 2.77 | 23.44 | 26.21 | OK | |
r-release-macos-arm64 | 0.1.0 | 14.00 | OK | |||
r-release-macos-x86_64 | 0.1.0 | 20.00 | OK | |||
r-release-windows-x86_64 | 0.1.0 | 3.00 | 105.00 | 108.00 | OK | |
r-oldrel-macos-arm64 | 0.1.0 | 16.00 | OK | |||
r-oldrel-windows-x86_64 | 0.1.0 | 4.00 | 46.00 | 50.00 | OK |
Version: 0.1.0
Check: dependencies in R code
Result: NOTE
Namespace in Imports field not imported from: ‘stats’
All declared Imports should be used.
Flavors: r-devel-linux-x86_64-fedora-clang, r-devel-linux-x86_64-fedora-gcc