CRAN Package Check Results for Package TSEwgt

Last updated on 2021-11-27 22:57:13 CET.

Flavor Version Tinstall Tcheck Ttotal Status Flags
r-devel-linux-x86_64-debian-clang 0.1.0 OK
r-devel-linux-x86_64-debian-gcc 0.1.0 2.12 18.11 20.23 OK
r-devel-linux-x86_64-fedora-clang 0.1.0 42.04 NOTE
r-devel-linux-x86_64-fedora-gcc 0.1.0 31.42 NOTE
r-devel-windows-x86_64-new-UL 0.1.0 7.00 61.00 68.00 OK
r-devel-windows-x86_64-new-TK 0.1.0 NOTE
r-devel-windows-x86_64-old 0.1.0 5.00 119.00 124.00 OK
r-patched-linux-x86_64 0.1.0 2.64 22.66 25.30 OK
r-patched-solaris-x86 0.1.0 50.00 NOTE
r-release-linux-x86_64 0.1.0 OK
r-release-macos-arm64 0.1.0 NOTE
r-release-macos-x86_64 0.1.0 NOTE
r-release-windows-ix86+x86_64 0.1.0 6.00 40.00 46.00 OK
r-oldrel-macos-x86_64 0.1.0 NOTE
r-oldrel-windows-ix86+x86_64 0.1.0 4.00 77.00 81.00 OK

Check Details

Version: 0.1.0
Check: dependencies in R code
Result: NOTE
    Namespace in Imports field not imported from: ‘stats’
     All declared Imports should be used.
Flavors: r-devel-linux-x86_64-fedora-clang, r-devel-linux-x86_64-fedora-gcc, r-devel-windows-x86_64-new-TK, r-patched-solaris-x86, r-release-macos-arm64, r-release-macos-x86_64, r-oldrel-macos-x86_64