Last updated on 2024-04-18 22:53:04 CEST.
Flavor | Version | Tinstall | Tcheck | Ttotal | Status | Flags |
---|---|---|---|---|---|---|
r-devel-linux-x86_64-debian-clang | 0.0.1 | 2.30 | 29.97 | 32.27 | NOTE | |
r-devel-linux-x86_64-debian-gcc | 0.0.1 | 2.79 | 22.54 | 25.33 | NOTE | |
r-devel-linux-x86_64-fedora-clang | 0.0.1 | 40.80 | NOTE | |||
r-devel-linux-x86_64-fedora-gcc | 0.0.1 | 38.90 | NOTE | |||
r-prerel-macos-arm64 | 0.0.1 | 19.00 | NOTE | |||
r-prerel-windows-x86_64 | 0.0.1 | 4.00 | 44.00 | 48.00 | NOTE | |
r-patched-linux-x86_64 | 0.0.1 | 3.53 | 28.94 | 32.47 | NOTE | |
r-release-linux-x86_64 | 0.0.1 | 2.66 | 28.26 | 30.92 | NOTE | |
r-release-macos-arm64 | 0.0.1 | 20.00 | NOTE | |||
r-release-macos-x86_64 | 0.0.1 | 24.00 | NOTE | |||
r-release-windows-x86_64 | 0.0.1 | 5.00 | 146.00 | 151.00 | NOTE | |
r-oldrel-macos-arm64 | 0.0.1 | 16.00 | NOTE | |||
r-oldrel-windows-x86_64 | 0.0.1 | 5.00 | 53.00 | 58.00 | NOTE |
Version: 0.0.1
Check: LazyData
Result: NOTE
'LazyData' is specified without a 'data' directory
Flavors: r-devel-linux-x86_64-debian-clang, r-devel-linux-x86_64-debian-gcc, r-devel-linux-x86_64-fedora-clang, r-devel-linux-x86_64-fedora-gcc, r-prerel-macos-arm64, r-prerel-windows-x86_64, r-patched-linux-x86_64, r-release-linux-x86_64, r-release-macos-arm64, r-release-macos-x86_64, r-release-windows-x86_64, r-oldrel-macos-arm64, r-oldrel-windows-x86_64