Last updated on 2023-09-22 23:05:14 CEST.
Flavor | Version | Tinstall | Tcheck | Ttotal | Status | Flags |
---|---|---|---|---|---|---|
r-devel-linux-x86_64-debian-clang | 5.1 | 7.62 | 97.33 | 104.95 | OK | |
r-devel-linux-x86_64-debian-gcc | 5.1 | 7.65 | 70.74 | 78.39 | OK | |
r-devel-linux-x86_64-fedora-clang | 5.1 | 128.77 | NOTE | |||
r-devel-linux-x86_64-fedora-gcc | 5.1 | 125.56 | NOTE | |||
r-devel-windows-x86_64 | 5.1 | 10.00 | 242.00 | 252.00 | OK | |
r-patched-linux-x86_64 | 5.1 | 14.40 | 92.65 | 107.05 | OK | |
r-release-linux-x86_64 | 5.1 | 7.31 | 90.65 | 97.96 | OK | |
r-release-macos-arm64 | 5.1 | 42.00 | OK | |||
r-release-macos-x86_64 | 5.1 | 57.00 | OK | |||
r-release-windows-x86_64 | 5.1 | 13.00 | 127.00 | 140.00 | OK | |
r-oldrel-macos-arm64 | 5.1 | 38.00 | NOTE | |||
r-oldrel-macos-x86_64 | 5.1 | 63.00 | NOTE | |||
r-oldrel-windows-x86_64 | 5.1 | 13.00 | 106.00 | 119.00 | OK |
Version: 5.1
Check: dependencies in R code
Result: NOTE
Namespaces in Imports field not imported from:
‘EMD’ ‘vars’
All declared Imports should be used.
Flavors: r-devel-linux-x86_64-fedora-clang, r-devel-linux-x86_64-fedora-gcc, r-oldrel-macos-arm64, r-oldrel-macos-x86_64