CRAN Package Check Results for Package TSPred

Last updated on 2024-03-02 22:42:09 CET.

Flavor Version Tinstall Tcheck Ttotal Status Flags
r-devel-linux-x86_64-debian-clang 5.1 7.72 96.55 104.27 OK
r-devel-linux-x86_64-debian-gcc 5.1 7.75 70.73 78.48 OK
r-devel-linux-x86_64-fedora-clang 5.1 127.32 NOTE
r-devel-linux-x86_64-fedora-gcc 5.1 120.63 NOTE
r-devel-windows-x86_64 5.1 9.00 105.00 114.00 OK
r-patched-linux-x86_64 5.1 15.17 93.40 108.57 OK
r-release-linux-x86_64 5.1 6.27 91.96 98.23 OK
r-release-macos-arm64 5.1 42.00 OK
r-release-macos-x86_64 5.1 57.00 OK
r-release-windows-x86_64 5.1 13.00 130.00 143.00 OK
r-oldrel-macos-arm64 5.1 38.00 NOTE
r-oldrel-windows-x86_64 5.1 13.00 195.00 208.00 OK

Check Details

Version: 5.1
Check: dependencies in R code
Result: NOTE Namespaces in Imports field not imported from: ‘EMD’ ‘vars’ All declared Imports should be used. Flavors: r-devel-linux-x86_64-fedora-clang, r-devel-linux-x86_64-fedora-gcc, r-oldrel-macos-arm64