CRAN Package Check Results for Package TSPred

Last updated on 2021-05-14 23:51:04 CEST.

Flavor Version Tinstall Tcheck Ttotal Status Flags
r-devel-linux-x86_64-debian-clang 5.1 10.13 83.80 93.93 OK
r-devel-linux-x86_64-debian-gcc 5.1 7.73 59.76 67.49 OK
r-devel-linux-x86_64-fedora-clang 5.1 107.47 NOTE
r-devel-linux-x86_64-fedora-gcc 5.1 96.56 NOTE
r-devel-windows-ix86+x86_64 5.1 17.00 109.00 126.00 OK
r-devel-windows-x86_64-gcc10-UCRT 5.1 NOTE
r-patched-linux-x86_64 5.1 16.64 79.66 96.30 OK
r-patched-solaris-x86 5.1 140.40 NOTE
r-release-linux-x86_64 5.1 8.72 77.70 86.42 OK
r-release-macos-x86_64 5.1 NOTE
r-release-windows-ix86+x86_64 5.1 11.00 96.00 107.00 OK
r-oldrel-macos-x86_64 5.1 NOTE
r-oldrel-windows-ix86+x86_64 5.1 10.00 107.00 117.00 NOTE

Check Details

Version: 5.1
Check: dependencies in R code
Result: NOTE
    Namespaces in Imports field not imported from:
     ‘EMD’ ‘vars’
     All declared Imports should be used.
Flavors: r-devel-linux-x86_64-fedora-clang, r-devel-linux-x86_64-fedora-gcc, r-devel-windows-x86_64-gcc10-UCRT, r-patched-solaris-x86, r-release-macos-x86_64, r-oldrel-macos-x86_64

Version: 5.1
Check: R code for possible problems
Result: NOTE
    plotarimapred: no visible global function definition for ‘plot’
    Undefined global functions or variables:
     plot
    Consider adding
     importFrom("graphics", "plot")
    to your NAMESPACE file.
Flavors: r-oldrel-macos-x86_64, r-oldrel-windows-ix86+x86_64