CRAN Package Check Results for Package TScompare

Last updated on 2021-09-25 22:54:23 CEST.

Flavor Version Tinstall Tcheck Ttotal Status Flags
r-devel-linux-x86_64-debian-clang 2015.4-1 3.36 35.30 38.66 NOTE
r-devel-linux-x86_64-debian-gcc 2015.4-1 2.55 27.80 30.35 NOTE
r-devel-linux-x86_64-fedora-clang 2015.4-1 56.98 NOTE
r-devel-linux-x86_64-fedora-gcc 2015.4-1 44.91 NOTE
r-devel-windows-x86_64 2015.4-1 4.00 40.00 44.00 NOTE
r-devel-windows-x86_64-gcc10-UCRT 2015.4-1 NOTE
r-patched-linux-x86_64 2015.4-1 2.71 34.25 36.96 NOTE
r-patched-solaris-x86 2015.4-1 68.50 NOTE
r-release-linux-x86_64 2015.4-1 3.02 34.72 37.74 NOTE
r-release-macos-arm64 2015.4-1 NOTE
r-release-macos-x86_64 2015.4-1 NOTE
r-release-windows-ix86+x86_64 2015.4-1 7.00 50.00 57.00 NOTE
r-oldrel-macos-x86_64 2015.4-1 NOTE
r-oldrel-windows-ix86+x86_64 2015.4-1 6.00 38.00 44.00 NOTE

Check Details

Version: 2015.4-1
Check: R code for possible problems
Result: NOTE
    tfDetails: no visible global function definition for 'start'
    tfDetails: no visible global function definition for 'end'
    Undefined global functions or variables:
     end start
    Consider adding
     importFrom("stats", "end", "start")
    to your NAMESPACE file.
Flavors: r-devel-linux-x86_64-debian-clang, r-devel-linux-x86_64-debian-gcc, r-devel-linux-x86_64-fedora-clang, r-devel-linux-x86_64-fedora-gcc, r-devel-windows-x86_64, r-devel-windows-x86_64-gcc10-UCRT, r-patched-linux-x86_64, r-patched-solaris-x86, r-release-linux-x86_64, r-release-macos-arm64, r-release-macos-x86_64, r-release-windows-ix86+x86_64, r-oldrel-macos-x86_64, r-oldrel-windows-ix86+x86_64

Version: 2015.4-1
Check: package dependencies
Result: NOTE
    Package which this enhances but not available for checking: ‘TSodbc’
Flavors: r-release-macos-arm64, r-release-macos-x86_64, r-oldrel-macos-x86_64