CRAN Package Check Results for Package TSstudio

Last updated on 2021-10-20 23:50:28 CEST.

Flavor Version Tinstall Tcheck Ttotal Status Flags
r-devel-linux-x86_64-debian-clang 0.1.6 8.75 83.96 92.71 OK
r-devel-linux-x86_64-debian-gcc 0.1.6 7.24 62.12 69.36 OK
r-devel-linux-x86_64-fedora-clang 0.1.6 120.83 NOTE
r-devel-linux-x86_64-fedora-gcc 0.1.6 109.42 NOTE
r-devel-windows-x86_64 0.1.6 15.00 121.00 136.00 OK
r-devel-windows-x86_64-gcc10-UCRT 0.1.6 NOTE
r-patched-linux-x86_64 0.1.6 8.93 81.13 90.06 OK
r-release-linux-x86_64 0.1.6 8.63 80.53 89.16 OK
r-release-macos-arm64 0.1.6 NOTE
r-release-macos-x86_64 0.1.6 WARN
r-release-windows-ix86+x86_64 0.1.6 18.00 122.00 140.00 OK
r-oldrel-macos-x86_64 0.1.6 WARN
r-oldrel-windows-ix86+x86_64 0.1.6 17.00 188.00 205.00 OK

Check Details

Version: 0.1.6
Check: dependencies in R code
Result: NOTE
    Namespace in Imports field not imported from: ‘forecastHybrid’
     All declared Imports should be used.
Flavors: r-devel-linux-x86_64-fedora-clang, r-devel-linux-x86_64-fedora-gcc, r-devel-windows-x86_64-gcc10-UCRT, r-release-macos-arm64, r-release-macos-x86_64, r-oldrel-macos-x86_64

Version: 0.1.6
Check: re-building of vignette outputs
Result: WARN
    Error(s) in re-building vignettes:
     ...
    --- re-building ‘Plotting_Time_Series.Rmd’ using rmarkdown
    Warning in engine$weave(file, quiet = quiet, encoding = enc) :
     Pandoc (>= 1.12.3) not available. Falling back to R Markdown v1.
    PhantomJS not found. You can install it with webshot::install_phantomjs(). If it is installed, please make sure the phantomjs executable can be found via the PATH variable.
    PhantomJS not found. You can install it with webshot::install_phantomjs(). If it is installed, please make sure the phantomjs executable can be found via the PATH variable.
    Quitting from lines 39-44 (Plotting_Time_Series.Rmd)
    Error: processing vignette 'Plotting_Time_Series.Rmd' failed with diagnostics:
    invalid 'path' argument
    --- failed re-building ‘Plotting_Time_Series.Rmd’
    
    SUMMARY: processing the following file failed:
     ‘Plotting_Time_Series.Rmd’
    
    Error: Vignette re-building failed.
    Execution halted
Flavor: r-release-macos-x86_64

Version: 0.1.6
Check: re-building of vignette outputs
Result: WARN
    Error(s) in re-building vignettes:
     ...
    --- re-building ‘Plotting_Time_Series.Rmd’ using rmarkdown
    Warning in engine$weave(file, quiet = quiet, encoding = enc) :
     Pandoc (>= 1.12.3) and/or pandoc-citeproc not available. Falling back to R Markdown v1.
    Warning: `arrange_()` is deprecated as of dplyr 0.7.0.
    Please use `arrange()` instead.
    See vignette('programming') for more help
    This warning is displayed once every 8 hours.
    Call `lifecycle::last_warnings()` to see where this warning was generated.
    PhantomJS not found. You can install it with webshot::install_phantomjs(). If it is installed, please make sure the phantomjs executable can be found via the PATH variable.
    Warning in normalizePath(f2) :
     path[1]="webshotcb332132ed7c.png": No such file or directory
    Warning in file(con, "rb") :
     cannot open file 'webshotcb332132ed7c.png': No such file or directory
    Quitting from lines 39-44 (Plotting_Time_Series.Rmd)
    Error: processing vignette 'Plotting_Time_Series.Rmd' failed with diagnostics:
    cannot open the connection
    --- failed re-building ‘Plotting_Time_Series.Rmd’
    
    SUMMARY: processing the following file failed:
     ‘Plotting_Time_Series.Rmd’
    
    Error: Vignette re-building failed.
    Execution halted
Flavor: r-oldrel-macos-x86_64