Last updated on 2023-09-28 23:09:01 CEST.
Flavor | Version | Tinstall | Tcheck | Ttotal | Status | Flags |
---|---|---|---|---|---|---|
r-devel-linux-x86_64-debian-clang | 1.5.9 | 22.40 | 138.22 | 160.62 | NOTE | |
r-devel-linux-x86_64-debian-gcc | 1.5.9 | 18.65 | 100.66 | 119.31 | NOTE | |
r-devel-linux-x86_64-fedora-clang | 1.5.9 | 199.72 | NOTE | |||
r-devel-linux-x86_64-fedora-gcc | 1.5.9 | 214.46 | NOTE | |||
r-devel-windows-x86_64 | 1.5.9 | 18.00 | 109.00 | 127.00 | NOTE | |
r-patched-linux-x86_64 | 1.5.9 | 25.64 | 130.62 | 156.26 | OK | |
r-release-linux-x86_64 | 1.5.9 | 24.49 | 132.11 | 156.60 | OK | |
r-release-macos-arm64 | 1.5.9 | 70.00 | OK | |||
r-release-macos-x86_64 | 1.5.9 | 117.00 | OK | |||
r-release-windows-x86_64 | 1.5.9 | 23.00 | 122.00 | 145.00 | OK | |
r-oldrel-macos-arm64 | 1.5.9 | 84.00 | OK | |||
r-oldrel-macos-x86_64 | 1.5.9 | 173.00 | OK | |||
r-oldrel-windows-x86_64 | 1.5.9 | 23.00 | 394.00 | 417.00 | OK |
Version: 1.5.9
Check: Rd metadata
Result: NOTE
Invalid package aliases in Rd file 'TTAinterface-package.Rd':
‘TTAinterface-package’
Flavors: r-devel-linux-x86_64-debian-clang, r-devel-linux-x86_64-debian-gcc, r-devel-linux-x86_64-fedora-clang, r-devel-linux-x86_64-fedora-gcc, r-devel-windows-x86_64