CRAN Package Check Results for Package TTAinterfaceTrendAnalysis

Last updated on 2021-05-09 22:47:16 CEST.

Flavor Version Tinstall Tcheck Ttotal Status Flags
r-devel-linux-x86_64-debian-clang 1.5.6 26.28 125.98 152.26 NOTE
r-devel-linux-x86_64-debian-gcc 1.5.6 19.51 94.75 114.26 NOTE
r-devel-linux-x86_64-fedora-clang 1.5.6 195.66 NOTE
r-devel-linux-x86_64-fedora-gcc 1.5.6 186.38 NOTE
r-devel-windows-ix86+x86_64 1.5.6 29.00 130.00 159.00 NOTE
r-devel-windows-x86_64-gcc10-UCRT 1.5.6 NOTE
r-patched-linux-x86_64 1.5.6 28.02 122.12 150.14 NOTE
r-patched-solaris-x86 1.5.6 259.70 NOTE
r-release-linux-x86_64 1.5.6 24.22 114.94 139.16 OK
r-release-macos-x86_64 1.5.6 OK
r-release-windows-ix86+x86_64 1.5.6 23.00 82.00 105.00 OK
r-oldrel-macos-x86_64 1.5.6 OK
r-oldrel-windows-ix86+x86_64 1.5.6 35.00 115.00 150.00 OK

Check Details

Version: 1.5.6
Check: LazyData
Result: NOTE
     'LazyData' is specified without a 'data' directory
Flavors: r-devel-linux-x86_64-debian-clang, r-devel-linux-x86_64-debian-gcc, r-devel-linux-x86_64-fedora-clang, r-devel-linux-x86_64-fedora-gcc, r-devel-windows-ix86+x86_64, r-devel-windows-x86_64-gcc10-UCRT, r-patched-linux-x86_64, r-patched-solaris-x86