CRAN Package Check Results for Package TTmoment

Last updated on 2019-09-22 22:47:01 CEST.

Flavor Version Tinstall Tcheck Ttotal Status Flags
r-devel-linux-x86_64-debian-clang 1.0 1.72 22.49 24.21 NOTE
r-devel-linux-x86_64-debian-gcc 1.0 1.83 17.73 19.56 NOTE
r-devel-linux-x86_64-fedora-clang 1.0 30.01 NOTE
r-devel-linux-x86_64-fedora-gcc 1.0 30.14 NOTE
r-devel-windows-ix86+x86_64 1.0 10.00 50.00 60.00 NOTE
r-patched-linux-x86_64 1.0 1.89 22.18 24.07 NOTE
r-patched-solaris-x86 1.0 44.30 NOTE
r-release-linux-x86_64 1.0 1.62 22.22 23.84 NOTE
r-release-windows-ix86+x86_64 1.0 9.00 38.00 47.00 NOTE
r-release-osx-x86_64 1.0 NOTE
r-oldrel-windows-ix86+x86_64 1.0 2.00 31.00 33.00 NOTE
r-oldrel-osx-x86_64 1.0 NOTE

Check Details

Version: 1.0
Check: R code for possible problems
Result: NOTE
    TT.GS : TT.GS.sp: no visible global function definition for 'qt'
    TT.GS : TT.GS.sp: no visible global function definition for 'runif'
    TT.GS : TT.GS.sp: no visible global function definition for 'pt'
    TT.moment: no visible global function definition for 'dt'
    TT.moment: no visible global function definition for 'pt'
    Undefined global functions or variables:
     dt pt qt runif
    Consider adding
     importFrom("stats", "dt", "pt", "qt", "runif")
    to your NAMESPACE file.
Flavors: r-devel-linux-x86_64-debian-clang, r-devel-linux-x86_64-debian-gcc, r-devel-linux-x86_64-fedora-clang, r-devel-linux-x86_64-fedora-gcc, r-devel-windows-ix86+x86_64, r-patched-linux-x86_64, r-patched-solaris-x86, r-release-linux-x86_64, r-release-windows-ix86+x86_64, r-release-osx-x86_64, r-oldrel-windows-ix86+x86_64, r-oldrel-osx-x86_64