CRAN Package Check Results for Package TapeR

Last updated on 2021-07-31 22:53:52 CEST.

Flavor Version Tinstall Tcheck Ttotal Status Flags
r-devel-linux-x86_64-debian-clang 0.3.3 3.63 38.46 42.09 NOTE
r-devel-linux-x86_64-debian-gcc 0.3.3 2.73 30.39 33.12 NOTE
r-devel-linux-x86_64-fedora-clang 0.3.3 59.51 NOTE
r-devel-linux-x86_64-fedora-gcc 0.3.3 49.11 NOTE
r-devel-windows-x86_64 0.3.3 4.00 60.00 64.00 OK
r-devel-windows-x86_64-gcc10-UCRT 0.3.3 OK
r-patched-linux-x86_64 0.3.3 NOTE
r-patched-solaris-x86 0.3.3 76.30 NOTE
r-release-linux-x86_64 0.3.3 3.63 37.57 41.20 NOTE
r-release-macos-arm64 0.3.3 OK
r-release-macos-x86_64 0.3.3 OK
r-release-windows-ix86+x86_64 0.3.3 7.00 48.00 55.00 OK
r-oldrel-macos-x86_64 0.3.3 OK
r-oldrel-windows-ix86+x86_64 0.3.3 5.00 60.00 65.00 OK

Check Details

Version: 0.3.3
Check: for non-standard things in the check directory
Result: NOTE
    Found the following files/directories:
     'spruce.taper.pars.rdata'
Flavors: r-devel-linux-x86_64-debian-clang, r-devel-linux-x86_64-debian-gcc, r-devel-linux-x86_64-fedora-clang, r-devel-linux-x86_64-fedora-gcc, r-patched-linux-x86_64, r-patched-solaris-x86, r-release-linux-x86_64