CRAN Package Check Results for Package TeachingSampling

Last updated on 2024-06-13 22:49:47 CEST.

Flavor Version Tinstall Tcheck Ttotal Status Flags
r-devel-linux-x86_64-debian-clang 4.1.1 6.47 80.10 86.57 OK
r-devel-linux-x86_64-debian-gcc 4.1.1 0.38 1.63 2.01 ERROR
r-devel-linux-x86_64-fedora-clang 4.1.1 105.15 OK
r-devel-linux-x86_64-fedora-gcc 4.1.1 98.20 OK
r-devel-windows-x86_64 4.1.1 8.00 88.00 96.00 OK
r-patched-linux-x86_64 4.1.1 6.81 76.68 83.49 OK
r-release-linux-x86_64 4.1.1 5.09 73.67 78.76 OK
r-release-macos-arm64 4.1.1 33.00 OK
r-release-macos-x86_64 4.1.1 57.00 OK
r-release-windows-x86_64 4.1.1 9.00 91.00 100.00 OK
r-oldrel-macos-arm64 4.1.1 35.00 OK
r-oldrel-macos-x86_64 4.1.1 49.00 OK
r-oldrel-windows-x86_64 4.1.1 9.00 193.00 202.00 OK

Check Details

Version: 4.1.1
Check: package dependencies
Result: ERROR Package required but not available: ‘dplyr’ See section ‘The DESCRIPTION file’ in the ‘Writing R Extensions’ manual. Flavor: r-devel-linux-x86_64-debian-gcc