Last updated on 2024-04-18 22:53:03 CEST.
Flavor | Version | Tinstall | Tcheck | Ttotal | Status | Flags |
---|---|---|---|---|---|---|
r-devel-linux-x86_64-debian-clang | 1.6.1 | 171.94 | 454.53 | 626.47 | NOTE | |
r-devel-linux-x86_64-debian-gcc | 1.6.1 | 125.53 | 308.23 | 433.76 | NOTE | |
r-devel-linux-x86_64-fedora-clang | 1.6.1 | 910.91 | NOTE | |||
r-devel-linux-x86_64-fedora-gcc | 1.6.1 | 823.39 | NOTE | |||
r-prerel-macos-arm64 | 1.6.1 | 171.00 | NOTE | |||
r-prerel-macos-x86_64 | 1.6.1 | 501.00 | NOTE | |||
r-prerel-windows-x86_64 | 1.6.1 | 132.00 | 419.00 | 551.00 | NOTE | |
r-patched-linux-x86_64 | 1.6.1 | 165.39 | 408.74 | 574.13 | NOTE | |
r-release-linux-x86_64 | 1.6.1 | 175.75 | 437.99 | 613.74 | NOTE | |
r-release-macos-arm64 | 1.6.1 | 176.00 | NOTE | |||
r-release-macos-x86_64 | 1.6.1 | 447.00 | NOTE | |||
r-release-windows-x86_64 | 1.6.1 | 162.00 | 468.00 | 630.00 | NOTE | |
r-oldrel-macos-arm64 | 1.6.1 | 164.00 | NOTE | |||
r-oldrel-windows-x86_64 | 1.6.1 | 168.00 | 508.00 | 676.00 | NOTE |
Version: 1.6.1
Check: package dependencies
Result: NOTE
Package suggested but not available for checking: ‘gurobi’
Flavors: r-devel-linux-x86_64-debian-clang, r-devel-linux-x86_64-debian-gcc, r-devel-linux-x86_64-fedora-clang, r-devel-linux-x86_64-fedora-gcc, r-prerel-macos-arm64, r-prerel-macos-x86_64, r-prerel-windows-x86_64, r-patched-linux-x86_64, r-release-linux-x86_64, r-release-macos-arm64, r-release-macos-x86_64, r-release-windows-x86_64, r-oldrel-macos-arm64, r-oldrel-windows-x86_64
Version: 1.6.1
Check: installed package size
Result: NOTE
installed size is 8.8Mb
sub-directories of 1Mb or more:
libs 6.4Mb
Flavors: r-prerel-macos-arm64, r-prerel-macos-x86_64, r-release-macos-arm64, r-release-macos-x86_64, r-oldrel-macos-arm64