CRAN Package Check Results for Package TestDimorph

Last updated on 2020-02-17 22:49:51 CET.

Flavor Version Tinstall Tcheck Ttotal Status Flags
r-devel-linux-x86_64-debian-clang 0.3.0 14.82 135.98 150.80 NOTE
r-devel-linux-x86_64-debian-gcc 0.3.0 11.81 102.53 114.34 OK
r-devel-linux-x86_64-fedora-clang 0.3.0 178.47 NOTE
r-devel-linux-x86_64-fedora-gcc 0.3.0 185.27 OK
r-devel-windows-ix86+x86_64 0.3.0 36.00 133.00 169.00 OK
r-devel-windows-ix86+x86_64-gcc8 0.2.9 66.00 203.00 269.00 OK
r-patched-linux-x86_64 0.3.0 11.95 116.37 128.32 OK
r-patched-solaris-x86 0.3.0 231.20 OK
r-release-linux-x86_64 0.3.0 12.96 115.55 128.51 OK
r-release-windows-ix86+x86_64 0.3.0 35.00 125.00 160.00 OK
r-release-osx-x86_64 0.3.0 OK
r-oldrel-windows-ix86+x86_64 0.3.0 15.00 128.00 143.00 OK
r-oldrel-osx-x86_64 0.3.0 OK

Check Details

Version: 0.3.0
Check: package dependencies
Result: NOTE
    Package suggested but not available for checking: 'AnthropMMD'
Flavor: r-devel-linux-x86_64-debian-clang

Version: 0.3.0
Check: package dependencies
Result: NOTE
    Imports includes 21 non-default packages.
    Importing from so many packages makes the package vulnerable to any of
    them becoming unavailable. Move as many as possible to Suggests and
    use conditionally.
Flavor: r-devel-linux-x86_64-fedora-clang