CRAN Package Check Results for Package TiPS

Last updated on 2024-02-22 21:51:56 CET.

Flavor Version Tinstall Tcheck Ttotal Status Flags
r-devel-linux-x86_64-debian-clang 1.2.3 OK
r-devel-linux-x86_64-debian-gcc 1.2.3 45.63 297.56 343.19 OK
r-devel-linux-x86_64-fedora-clang 1.2.3 560.22 OK
r-devel-linux-x86_64-fedora-gcc 1.2.3 567.84 OK
r-devel-windows-x86_64 1.2.3 45.00 377.00 422.00 OK
r-patched-linux-x86_64 1.2.3 52.55 412.50 465.05 OK
r-release-linux-x86_64 1.2.3 56.68 381.46 438.14 OK
r-release-macos-arm64 1.2.3 186.00 NOTE
r-release-macos-x86_64 1.2.3 439.00 NOTE
r-release-windows-x86_64 1.2.3 55.00 445.00 500.00 OK
r-oldrel-macos-arm64 1.2.3 203.00 NOTE
r-oldrel-windows-x86_64 1.2.3 55.00 420.00 475.00 OK

Check Details

Version: 1.2.3
Check: installed package size
Result: NOTE installed size is 6.1Mb sub-directories of 1Mb or more: doc 1.7Mb libs 3.8Mb Flavors: r-release-macos-arm64, r-release-macos-x86_64, r-oldrel-macos-arm64