Last updated on 2024-04-26 22:55:02 CEST.
Flavor | Version | Tinstall | Tcheck | Ttotal | Status | Flags |
---|---|---|---|---|---|---|
r-devel-linux-x86_64-debian-clang | 0.3.1 | 5.56 | 90.40 | 95.96 | NOTE | |
r-devel-linux-x86_64-debian-gcc | 0.3.1 | 7.13 | 67.71 | 74.84 | NOTE | |
r-devel-linux-x86_64-fedora-clang | 0.3.1 | 120.82 | NOTE | |||
r-devel-linux-x86_64-fedora-gcc | 0.3.1 | 117.83 | NOTE | |||
r-devel-windows-x86_64 | 0.3.1 | 7.00 | 85.00 | 92.00 | NOTE | |
r-patched-linux-x86_64 | 0.3.1 | 8.67 | 86.29 | 94.96 | NOTE | |
r-release-linux-x86_64 | 0.3.1 | 8.06 | 91.23 | 99.29 | OK | |
r-release-macos-arm64 | 0.3.1 | 40.00 | NOTE | |||
r-release-windows-x86_64 | 0.3.1 | 8.00 | 85.00 | 93.00 | NOTE | |
r-oldrel-macos-arm64 | 0.3.1 | 43.00 | OK | |||
r-oldrel-macos-x86_64 | 0.3.1 | 60.00 | OK | |||
r-oldrel-windows-x86_64 | 0.3.1 | 11.00 | 99.00 | 110.00 | OK |
Version: 0.3.1
Check: Rd files
Result: NOTE
checkRd: (-1) alcohol.Rd:16-18: Lost braces in \itemize; meant \describe ?
checkRd: (-1) alcohol.Rd:19-21: Lost braces in \itemize; meant \describe ?
checkRd: (-1) alcohol.Rd:22-26: Lost braces in \itemize; meant \describe ?
Flavors: r-devel-linux-x86_64-debian-clang, r-devel-linux-x86_64-debian-gcc, r-devel-linux-x86_64-fedora-clang, r-devel-linux-x86_64-fedora-gcc, r-devel-windows-x86_64, r-patched-linux-x86_64, r-release-macos-arm64, r-release-windows-x86_64