Last updated on 2024-04-18 22:53:03 CEST.
Flavor | Version | Tinstall | Tcheck | Ttotal | Status | Flags |
---|---|---|---|---|---|---|
r-devel-linux-x86_64-debian-clang | 1.0.8 | 7.46 | 116.09 | 123.55 | NOTE | |
r-devel-linux-x86_64-debian-gcc | 1.0.8 | 7.57 | 88.53 | 96.10 | NOTE | |
r-devel-linux-x86_64-fedora-clang | 1.0.8 | 161.49 | NOTE | |||
r-devel-linux-x86_64-fedora-gcc | 1.0.8 | 170.65 | NOTE | |||
r-prerel-macos-arm64 | 1.0.8 | 59.00 | NOTE | |||
r-prerel-windows-x86_64 | 1.0.8 | 13.00 | 126.00 | 139.00 | NOTE | |
r-patched-linux-x86_64 | 1.0.8 | 10.53 | 113.08 | 123.61 | NOTE | |
r-release-linux-x86_64 | 1.0.8 | 6.60 | 161.97 | 168.57 | NOTE | |
r-release-macos-arm64 | 1.0.8 | 83.00 | NOTE | |||
r-release-macos-x86_64 | 1.0.8 | 124.00 | NOTE | |||
r-release-windows-x86_64 | 1.0.8 | 16.00 | 165.00 | 181.00 | NOTE | |
r-oldrel-macos-arm64 | 1.0.8 | 96.00 | NOTE | |||
r-oldrel-windows-x86_64 | 1.0.8 | 15.00 | 168.00 | 183.00 | NOTE |
Version: 1.0.8
Check: package dependencies
Result: NOTE
Packages suggested but not available for checking:
'RGtk2', 'gWidgets2RGtk2'
Flavors: r-devel-linux-x86_64-debian-clang, r-devel-linux-x86_64-debian-gcc, r-devel-linux-x86_64-fedora-clang, r-devel-linux-x86_64-fedora-gcc, r-prerel-macos-arm64, r-prerel-windows-x86_64, r-patched-linux-x86_64, r-release-linux-x86_64, r-release-macos-arm64, r-release-macos-x86_64, r-release-windows-x86_64, r-oldrel-macos-arm64
Version: 1.0.8
Check: package dependencies
Result: NOTE
Package suggested but not available for checking: 'RGtk2'
Flavor: r-oldrel-windows-x86_64