Last updated on 2023-10-02 22:08:13 CEST.
Flavor | Version | Tinstall | Tcheck | Ttotal | Status | Flags |
---|---|---|---|---|---|---|
r-devel-linux-x86_64-debian-clang | 1.0.8 | 12.08 | 118.01 | 130.09 | NOTE | |
r-devel-linux-x86_64-debian-gcc | 1.0.8 | 8.93 | 87.02 | 95.95 | NOTE | |
r-devel-linux-x86_64-fedora-clang | 1.0.8 | 197.30 | NOTE | |||
r-devel-linux-x86_64-fedora-gcc | 1.0.8 | 166.63 | NOTE | |||
r-devel-windows-x86_64 | 1.0.8 | 13.00 | 127.00 | 140.00 | NOTE | |
r-patched-linux-x86_64 | 1.0.8 | 6.87 | 161.72 | 168.59 | NOTE | |
r-release-linux-x86_64 | 1.0.8 | 8.61 | 159.61 | 168.22 | NOTE | |
r-release-macos-arm64 | 1.0.8 | 83.00 | NOTE | |||
r-release-macos-x86_64 | 1.0.8 | 124.00 | NOTE | |||
r-release-windows-x86_64 | 1.0.8 | 17.00 | 178.00 | 195.00 | NOTE | |
r-oldrel-macos-arm64 | 1.0.8 | 96.00 | NOTE | |||
r-oldrel-macos-x86_64 | 1.0.8 | 130.00 | NOTE | |||
r-oldrel-windows-x86_64 | 1.0.8 | 16.00 | 168.00 | 184.00 | NOTE |
Version: 1.0.8
Check: package dependencies
Result: NOTE
Packages suggested but not available for checking:
'RGtk2', 'gWidgets2RGtk2'
Flavors: r-devel-linux-x86_64-debian-clang, r-devel-linux-x86_64-debian-gcc, r-devel-linux-x86_64-fedora-clang, r-devel-linux-x86_64-fedora-gcc, r-devel-windows-x86_64, r-patched-linux-x86_64, r-release-linux-x86_64, r-release-macos-arm64, r-release-macos-x86_64, r-release-windows-x86_64, r-oldrel-macos-arm64, r-oldrel-macos-x86_64
Version: 1.0.8
Check: package dependencies
Result: NOTE
Package suggested but not available for checking: 'RGtk2'
Flavor: r-oldrel-windows-x86_64