CRAN Package Check Results for Package TouRnament

Last updated on 2022-01-24 22:56:44 CET.

Flavor Version Tinstall Tcheck Ttotal Status Flags
r-devel-linux-x86_64-debian-clang 0.2.5 1.42 29.48 30.90 NOTE
r-devel-linux-x86_64-debian-gcc 0.2.5 1.79 23.15 24.94 NOTE
r-devel-linux-x86_64-fedora-clang 0.2.5 39.35 NOTE
r-devel-linux-x86_64-fedora-gcc 0.2.5 29.46 NOTE
r-devel-windows-x86_64-new-UL 0.2.5 18.00 49.00 67.00 NOTE
r-devel-windows-x86_64-new-TK 0.2.5 NOTE
r-patched-linux-x86_64 0.2.5 2.07 28.77 30.84 NOTE
r-release-linux-x86_64 0.2.5 1.64 28.17 29.81 NOTE
r-release-macos-arm64 0.2.5 NOTE
r-release-macos-x86_64 0.2.5 NOTE
r-release-windows-ix86+x86_64 0.2.5 5.00 36.00 41.00 NOTE
r-oldrel-macos-x86_64 0.2.5 OK
r-oldrel-windows-ix86+x86_64 0.2.5 5.00 36.00 41.00 OK

Check Details

Version: 0.2.5
Check: LazyData
Result: NOTE
     'LazyData' is specified without a 'data' directory
Flavors: r-devel-linux-x86_64-debian-clang, r-devel-linux-x86_64-debian-gcc, r-devel-linux-x86_64-fedora-clang, r-devel-linux-x86_64-fedora-gcc, r-devel-windows-x86_64-new-UL, r-devel-windows-x86_64-new-TK, r-patched-linux-x86_64, r-release-linux-x86_64, r-release-macos-arm64, r-release-macos-x86_64, r-release-windows-ix86+x86_64