CRAN Package Check Results for Package TreatmentPatterns

Last updated on 2024-03-02 22:42:09 CET.

Flavor Version Tinstall Tcheck Ttotal Status Flags
r-devel-linux-x86_64-debian-clang 2.6.5 15.56 539.65 555.21 NOTE
r-devel-linux-x86_64-debian-gcc 2.6.5 13.46 420.80 434.26 NOTE
r-devel-linux-x86_64-fedora-clang 2.6.5 668.56 NOTE
r-devel-linux-x86_64-fedora-gcc 2.6.5 698.53 NOTE
r-devel-windows-x86_64 2.6.5 21.00 325.00 346.00 NOTE
r-patched-linux-x86_64 2.6.5 18.10 552.74 570.84 NOTE
r-release-linux-x86_64 2.6.5 13.25 547.63 560.88 NOTE
r-release-macos-arm64 2.6.5 158.00 NOTE
r-release-macos-x86_64 2.6.5 424.00 NOTE
r-release-windows-x86_64 2.6.5 22.00 540.00 562.00 NOTE
r-oldrel-macos-arm64 2.6.5 156.00 NOTE
r-oldrel-windows-x86_64 2.6.5 22.00 505.00 527.00 NOTE

Check Details

Version: 2.6.5
Check: package dependencies
Result: NOTE Packages suggested but not available for checking: 'Eunomia', 'CohortGenerator', 'CirceR', 'Capr' Flavors: r-devel-linux-x86_64-debian-clang, r-devel-linux-x86_64-debian-gcc, r-devel-linux-x86_64-fedora-clang, r-devel-linux-x86_64-fedora-gcc, r-devel-windows-x86_64, r-patched-linux-x86_64, r-release-linux-x86_64, r-release-macos-arm64, r-release-macos-x86_64, r-release-windows-x86_64, r-oldrel-macos-arm64, r-oldrel-windows-x86_64