CRAN Package Check Results for Package TreeTools

Last updated on 2021-06-12 22:55:25 CEST.

Flavor Version Tinstall Tcheck Ttotal Status Flags
r-devel-linux-x86_64-debian-clang 1.4.4 80.14 142.09 222.23 OK
r-devel-linux-x86_64-debian-gcc 1.4.4 53.11 107.12 160.23 OK
r-devel-linux-x86_64-fedora-clang 1.4.4 296.77 OK
r-devel-linux-x86_64-fedora-gcc 1.4.4 267.34 OK
r-devel-windows-x86_64 1.4.4 101.00 209.00 310.00 OK
r-devel-windows-x86_64-gcc10-UCRT 1.4.4 NOTE
r-patched-linux-x86_64 1.4.4 67.49 135.61 203.10 OK
r-patched-solaris-x86 1.4.4 341.00 OK
r-release-linux-x86_64 1.4.4 62.08 137.58 199.66 OK
r-release-macos-arm64 1.4.4 OK
r-release-macos-x86_64 1.4.4 OK
r-release-windows-ix86+x86_64 1.4.4 148.00 265.00 413.00 OK
r-oldrel-macos-x86_64 1.4.4 OK
r-oldrel-windows-ix86+x86_64 1.4.4 185.00 285.00 470.00 OK

Check Details

Version: 1.4.4
Check: package dependencies
Result: NOTE
    Package suggested but not available for checking: 'vdiffr'
Flavor: r-devel-windows-x86_64-gcc10-UCRT