CRAN Package Check Results for Package TreeTools

Last updated on 2024-02-27 23:08:29 CET.

Flavor Version Tinstall Tcheck Ttotal Status Flags
r-devel-linux-x86_64-debian-clang 1.10.0 88.30 180.37 268.67 NOTE
r-devel-linux-x86_64-debian-gcc 1.10.0 76.02 134.59 210.61 NOTE
r-devel-linux-x86_64-fedora-clang 1.10.0 342.55 NOTE
r-devel-linux-x86_64-fedora-gcc 1.10.0 382.17 NOTE
r-devel-windows-x86_64 1.10.0 72.00 188.00 260.00 OK
r-patched-linux-x86_64 1.10.0 105.49 174.85 280.34 OK
r-release-linux-x86_64 1.10.0 100.33 173.60 273.93 OK
r-release-macos-arm64 1.10.0 90.00 NOTE
r-release-macos-x86_64 1.10.0 213.00 NOTE
r-release-windows-x86_64 1.10.0 91.00 271.00 362.00 OK
r-oldrel-macos-arm64 1.10.0 82.00 NOTE
r-oldrel-windows-x86_64 1.10.0 88.00 213.00 301.00 OK

Check Details

Version: 1.10.0
Check: Rd files
Result: NOTE checkRd: (-1) ReadTntTree.Rd:37: Lost braces 37 | \link{TNTOrder}{\code{tnt} order}, | ^ Flavors: r-devel-linux-x86_64-debian-clang, r-devel-linux-x86_64-debian-gcc, r-devel-linux-x86_64-fedora-clang, r-devel-linux-x86_64-fedora-gcc

Version: 1.10.0
Check: installed package size
Result: NOTE installed size is 5.3Mb sub-directories of 1Mb or more: R 1.1Mb libs 3.2Mb Flavors: r-release-macos-arm64, r-release-macos-x86_64, r-oldrel-macos-arm64