Last updated on 2024-03-28 23:02:01 CET.
Flavor | Version | Tinstall | Tcheck | Ttotal | Status | Flags |
---|---|---|---|---|---|---|
r-devel-linux-x86_64-debian-clang | 1.0.2 | 210.11 | 222.19 | 432.30 | NOTE | |
r-devel-linux-x86_64-debian-gcc | 1.0.2 | 190.68 | 176.14 | 366.82 | NOTE | |
r-devel-linux-x86_64-fedora-clang | 1.0.2 | 543.89 | NOTE | |||
r-devel-linux-x86_64-fedora-gcc | 1.0.2 | 637.06 | NOTE | |||
r-devel-windows-x86_64 | 1.0.2 | 162.00 | 208.00 | 370.00 | NOTE | |
r-patched-linux-x86_64 | 1.0.2 | 176.93 | 236.63 | 413.56 | NOTE | |
r-release-linux-x86_64 | 1.0.2 | 181.29 | 226.65 | 407.94 | NOTE | |
r-release-macos-arm64 | 1.0.2 | 249.00 | NOTE | |||
r-release-macos-x86_64 | 1.0.2 | 451.00 | NOTE | |||
r-release-windows-x86_64 | 1.0.2 | 213.00 | 261.00 | 474.00 | NOTE | |
r-oldrel-macos-arm64 | 1.0.1 | 142.00 | NOTE | |||
r-oldrel-windows-x86_64 | 1.0.1 | 149.00 | 268.00 | 417.00 | NOTE |
Version: 1.0.2
Check: Rd files
Result: NOTE
checkRd: (-1) coef.tridim_transformation.Rd:31: Lost braces
31 | If summary=TRUE, a data.frame with columns "dv{index}" with mean for each dependent
| ^
checkRd: (-1) coef.tridim_transformation.Rd:32: Lost braces
32 | variable plus optional quantiles columns with names "dv{index}_{quantile}".
| ^
checkRd: (-1) coef.tridim_transformation.Rd:32: Lost braces; missing escapes or markup?
32 | variable plus optional quantiles columns with names "dv{index}_{quantile}".
| ^
checkRd: (-1) predict.tridim_transformation.Rd:24: Lost braces
24 | If summary=TRUE, a data.frame with columns "dv{index}" with mean for each dependent
| ^
checkRd: (-1) predict.tridim_transformation.Rd:25: Lost braces
25 | variable plus optional quantiles columns with names "dv{index}_{quantile}".
| ^
checkRd: (-1) predict.tridim_transformation.Rd:25: Lost braces; missing escapes or markup?
25 | variable plus optional quantiles columns with names "dv{index}_{quantile}".
| ^
checkRd: (-1) variable_summary.Rd:18: Lost braces; missing escapes or markup?
18 | data.frame with "{var_name}" column for the mean and
| ^
checkRd: (-1) variable_summary.Rd:19: Lost braces; missing escapes or markup?
19 | "{var_name}_{prob}" columns for each probability.
| ^
checkRd: (-1) variable_summary.Rd:19: Lost braces; missing escapes or markup?
19 | "{var_name}_{prob}" columns for each probability.
| ^
Flavors: r-devel-linux-x86_64-debian-clang, r-devel-linux-x86_64-debian-gcc, r-devel-linux-x86_64-fedora-clang, r-devel-linux-x86_64-fedora-gcc, r-devel-windows-x86_64, r-patched-linux-x86_64
Version: 1.0.2
Check: for GNU extensions in Makefiles
Result: NOTE
GNU make is a SystemRequirements.
Flavors: r-devel-linux-x86_64-debian-clang, r-devel-linux-x86_64-debian-gcc, r-devel-linux-x86_64-fedora-clang, r-devel-linux-x86_64-fedora-gcc, r-devel-windows-x86_64, r-patched-linux-x86_64, r-release-linux-x86_64, r-release-macos-arm64, r-release-macos-x86_64, r-release-windows-x86_64
Version: 1.0.2
Check: installed package size
Result: NOTE
installed size is 38.4Mb
sub-directories of 1Mb or more:
libs 37.9Mb
Flavors: r-release-macos-arm64, r-release-macos-x86_64
Version: 1.0.1
Check: installed package size
Result: NOTE
installed size is 38.1Mb
sub-directories of 1Mb or more:
libs 37.5Mb
Flavor: r-oldrel-macos-arm64
Version: 1.0.1
Check: dependencies in R code
Result: NOTE
Namespaces in Imports field not imported from:
‘RcppParallel’ ‘rstantools’
All declared Imports should be used.
Flavor: r-oldrel-macos-arm64
Version: 1.0.1
Check: for GNU extensions in Makefiles
Result: NOTE
GNU make is a SystemRequirements.
Flavors: r-oldrel-macos-arm64, r-oldrel-windows-x86_64