CRAN Package Check Results for Package TruncatedNormal

Last updated on 2020-02-24 22:50:40 CET.

Flavor Version Tinstall Tcheck Ttotal Status Flags
r-devel-linux-x86_64-debian-clang 2.1 42.98 123.73 166.71 OK
r-devel-linux-x86_64-debian-gcc 2.1 31.85 89.11 120.96 OK
r-devel-linux-x86_64-fedora-clang 2.1 216.27 OK
r-devel-linux-x86_64-fedora-gcc 2.1 206.65 OK
r-devel-windows-ix86+x86_64 2.1 80.00 168.00 248.00 OK
r-devel-windows-ix86+x86_64-gcc8 2.1 128.00 231.00 359.00 OK
r-patched-linux-x86_64 2.1 35.96 113.67 149.63 OK
r-patched-solaris-x86 2.1 447.40 OK
r-release-linux-x86_64 2.1 40.04 116.58 156.62 OK
r-release-windows-ix86+x86_64 2.1 83.00 173.00 256.00 OK
r-release-osx-x86_64 2.1 OK
r-oldrel-windows-ix86+x86_64 2.1 90.00 172.00 262.00 WARN
r-oldrel-osx-x86_64 2.1 OK

Check Details

Version: 2.1
Check: re-building of vignette outputs
Result: WARN
    Error in re-building vignettes:
     ...
    Quitting from lines 171-210 (TruncatedNormal_vignette.Rmd)
    Error: processing vignette 'TruncatedNormal_vignette.Rmd' failed with diagnostics:
    cannot open the connection
    Execution halted
Flavor: r-oldrel-windows-ix86+x86_64