CRAN Package Check Results for Package TruncatedNormal

Last updated on 2019-09-17 22:48:21 CEST.

Flavor Version Tinstall Tcheck Ttotal Status Flags
r-devel-linux-x86_64-debian-clang 2.1 40.39 113.00 153.39 OK
r-devel-linux-x86_64-debian-gcc 2.1 31.89 86.07 117.96 OK
r-devel-linux-x86_64-fedora-clang 2.1 208.38 OK
r-devel-linux-x86_64-fedora-gcc 2.1 199.05 OK
r-devel-windows-ix86+x86_64 2.1 109.00 253.00 362.00 OK
r-patched-linux-x86_64 2.1 35.32 116.16 151.48 OK
r-patched-solaris-x86 2.1 458.80 OK
r-release-linux-x86_64 2.1 36.96 115.42 152.38 OK
r-release-windows-ix86+x86_64 2.1 79.00 164.00 243.00 OK
r-release-osx-x86_64 2.1 OK
r-oldrel-windows-ix86+x86_64 2.1 102.00 172.00 274.00 WARN
r-oldrel-osx-x86_64 2.1 OK

Check Details

Version: 2.1
Check: re-building of vignette outputs
Result: WARN
    Error in re-building vignettes:
     ...
    Quitting from lines 171-210 (TruncatedNormal_vignette.Rmd)
    Error: processing vignette 'TruncatedNormal_vignette.Rmd' failed with diagnostics:
    cannot open the connection
    Execution halted
Flavor: r-oldrel-windows-ix86+x86_64