CRAN Package Check Results for Package TukeyC

Last updated on 2024-02-29 22:59:01 CET.

Flavor Version Tinstall Tcheck Ttotal Status Flags
r-devel-linux-x86_64-debian-clang 1.3-42 14.12 110.27 124.39 OK
r-devel-linux-x86_64-debian-gcc 1.3-42 9.95 85.82 95.77 OK
r-devel-linux-x86_64-fedora-clang 1.3-42 155.76 NOTE
r-devel-linux-x86_64-fedora-gcc 1.3-42 149.70 OK
r-devel-windows-x86_64 1.3-42 12.00 105.00 117.00 OK
r-patched-linux-x86_64 1.3-42 19.69 110.80 130.49 OK
r-release-linux-x86_64 1.3-42 9.11 110.89 120.00 OK
r-release-macos-arm64 1.3-42 52.00 OK
r-release-macos-x86_64 1.3-42 119.00 OK
r-release-windows-x86_64 1.3-42 15.00 276.00 291.00 OK
r-oldrel-macos-arm64 1.3-42 48.00 OK
r-oldrel-windows-x86_64 1.3-42 16.00 139.00 155.00 OK

Check Details

Version: 1.3-42
Check: Rd cross-references
Result: NOTE Undeclared packages ‘multcomp’, ‘agricolae’ in Rd xrefs Flavor: r-devel-linux-x86_64-fedora-clang