CRAN Package Check Results for Package TwitterAutomatedTrading

Last updated on 2021-12-04 22:59:51 CET.

Flavor Version Tinstall Tcheck Ttotal Status Flags
r-devel-linux-x86_64-debian-clang 0.1.0 11.36 108.03 119.39 OK
r-devel-linux-x86_64-debian-gcc 0.1.0 9.46 82.40 91.86 OK
r-devel-linux-x86_64-fedora-clang 0.1.0 148.18 NOTE
r-devel-linux-x86_64-fedora-gcc 0.1.0 132.10 NOTE
r-devel-windows-x86_64-new-UL 0.1.0 20.00 222.00 242.00 OK
r-devel-windows-x86_64-new-TK 0.1.0 NOTE
r-devel-windows-x86_64-old 0.1.0 19.00 94.00 113.00 OK
r-patched-linux-x86_64 0.1.0 11.45 92.91 104.36 OK
r-release-linux-x86_64 0.1.0 10.88 93.29 104.17 OK
r-release-macos-arm64 0.1.0 NOTE
r-release-macos-x86_64 0.1.0 NOTE
r-release-windows-ix86+x86_64 0.1.0 26.00 121.00 147.00 OK
r-oldrel-macos-x86_64 0.1.0 NOTE
r-oldrel-windows-ix86+x86_64 0.1.0 26.00 121.00 147.00 OK

Check Details

Version: 0.1.0
Check: data for non-ASCII characters
Result: NOTE
     Note: found 34 marked Latin-1 strings
Flavors: r-devel-linux-x86_64-fedora-clang, r-devel-linux-x86_64-fedora-gcc, r-devel-windows-x86_64-new-TK, r-release-macos-arm64, r-release-macos-x86_64, r-oldrel-macos-x86_64