CRAN Package Check Results for Package TwoArmSurvSim

Last updated on 2021-06-18 22:54:48 CEST.

Flavor Version Tinstall Tcheck Ttotal Status Flags
r-devel-linux-x86_64-debian-clang 0.2 10.76 96.83 107.59 NOTE
r-devel-linux-x86_64-debian-gcc 0.2 8.27 71.13 79.40 NOTE
r-devel-linux-x86_64-fedora-clang 0.2 136.54 NOTE
r-devel-linux-x86_64-fedora-gcc 0.2 126.27 NOTE
r-devel-windows-x86_64 0.2 17.00 120.00 137.00 NOTE
r-devel-windows-x86_64-gcc10-UCRT 0.2 NOTE
r-patched-linux-x86_64 0.2 11.89 90.85 102.74 NOTE
r-patched-solaris-x86 0.2 168.20 NOTE
r-release-linux-x86_64 0.2 9.61 91.08 100.69 NOTE
r-release-macos-arm64 0.2 NOTE
r-release-macos-x86_64 0.2 NOTE
r-release-windows-ix86+x86_64 0.2 23.00 113.00 136.00 NOTE
r-oldrel-macos-x86_64 0.2 OK
r-oldrel-windows-ix86+x86_64 0.2 16.00 125.00 141.00 OK

Check Details

Version: 0.2
Check: LazyData
Result: NOTE
     'LazyData' is specified without a 'data' directory
Flavors: r-devel-linux-x86_64-debian-clang, r-devel-linux-x86_64-debian-gcc, r-devel-linux-x86_64-fedora-clang, r-devel-linux-x86_64-fedora-gcc, r-devel-windows-x86_64, r-devel-windows-x86_64-gcc10-UCRT, r-patched-linux-x86_64, r-patched-solaris-x86, r-release-linux-x86_64, r-release-macos-arm64, r-release-macos-x86_64, r-release-windows-ix86+x86_64