CRAN Package Check Results for Package UKgrid

Last updated on 2021-08-04 22:55:38 CEST.

Flavor Version Tinstall Tcheck Ttotal Status Flags
r-devel-linux-x86_64-debian-clang 0.1.3 4.89 28.47 33.36 OK
r-devel-linux-x86_64-debian-gcc 0.1.3 4.14 22.20 26.34 OK
r-devel-linux-x86_64-fedora-clang 0.1.3 50.98 OK
r-devel-linux-x86_64-fedora-gcc 0.1.3 39.32 OK
r-devel-windows-x86_64 0.1.3 6.00 47.00 53.00 OK
r-devel-windows-x86_64-gcc10-UCRT 0.1.3 OK
r-patched-linux-x86_64 0.1.3 5.34 27.12 32.46 OK
r-patched-solaris-x86 0.1.3 64.60 NOTE
r-release-linux-x86_64 0.1.3 4.82 27.47 32.29 OK
r-release-macos-arm64 0.1.3 OK
r-release-macos-x86_64 0.1.3 OK
r-release-windows-ix86+x86_64 0.1.3 9.00 44.00 53.00 OK
r-oldrel-macos-x86_64 0.1.3 OK
r-oldrel-windows-ix86+x86_64 0.1.3 7.00 44.00 51.00 OK

Check Details

Version: 0.1.3
Check: package dependencies
Result: NOTE
    Package suggested but not available for checking: ‘TSstudio’
Flavor: r-patched-solaris-x86