CRAN Package Check Results for Package USgrid

Last updated on 2021-10-16 22:53:10 CEST.

Flavor Version Tinstall Tcheck Ttotal Status Flags
r-devel-linux-x86_64-debian-clang 0.1.2 4.20 31.35 35.55 OK
r-devel-linux-x86_64-debian-gcc 0.1.2 3.76 24.22 27.98 OK
r-devel-linux-x86_64-fedora-clang 0.1.2 54.95 NOTE
r-devel-linux-x86_64-fedora-gcc 0.1.2 43.28 NOTE
r-devel-windows-x86_64 0.1.2 8.00 45.00 53.00 OK
r-devel-windows-x86_64-gcc10-UCRT 0.1.2 NOTE
r-patched-linux-x86_64 0.1.2 3.82 29.55 33.37 OK
r-patched-solaris-x86 0.1.2 68.90 NOTE
r-release-linux-x86_64 0.1.2 4.12 29.84 33.96 OK
r-release-macos-arm64 0.1.2 NOTE
r-release-macos-x86_64 0.1.2 NOTE
r-release-windows-ix86+x86_64 0.1.2 6.00 58.00 64.00 OK
r-oldrel-macos-x86_64 0.1.2 NOTE
r-oldrel-windows-ix86+x86_64 0.1.2 10.00 61.00 71.00 OK

Check Details

Version: 0.1.2
Check: dependencies in R code
Result: NOTE
    Namespace in Imports field not imported from: ‘tsibble’
     All declared Imports should be used.
Flavors: r-devel-linux-x86_64-fedora-clang, r-devel-linux-x86_64-fedora-gcc, r-devel-windows-x86_64-gcc10-UCRT, r-patched-solaris-x86, r-release-macos-arm64, r-release-macos-x86_64, r-oldrel-macos-x86_64