CRAN Package Check Results for Package USpopcenters

Last updated on 2021-11-27 22:57:14 CET.

Flavor Version Tinstall Tcheck Ttotal Status Flags
r-devel-linux-x86_64-debian-clang 0.1.1 OK
r-devel-linux-x86_64-debian-gcc 0.1.1 16.12 26.41 42.53 OK
r-devel-linux-x86_64-fedora-clang 0.1.1 73.98 NOTE
r-devel-linux-x86_64-fedora-gcc 0.1.1 63.93 NOTE
r-devel-windows-x86_64-new-UL 0.1.1 28.00 74.00 102.00 OK
r-devel-windows-x86_64-new-TK 0.1.1 NOTE
r-devel-windows-x86_64-old 0.1.1 19.00 53.00 72.00 OK
r-patched-linux-x86_64 0.1.1 16.79 31.72 48.51 OK
r-patched-solaris-x86 0.1.1 116.00 NOTE
r-release-linux-x86_64 0.1.1 OK
r-release-macos-arm64 0.1.1 NOTE
r-release-macos-x86_64 0.1.1 NOTE
r-release-windows-ix86+x86_64 0.1.1 24.00 40.00 64.00 OK
r-oldrel-macos-x86_64 0.1.1 NOTE
r-oldrel-windows-ix86+x86_64 0.1.1 25.00 58.00 83.00 OK

Check Details

Version: 0.1.1
Check: data for non-ASCII characters
Result: NOTE
     Note: found 33 marked UTF-8 strings
Flavors: r-devel-linux-x86_64-fedora-clang, r-devel-linux-x86_64-fedora-gcc, r-devel-windows-x86_64-new-TK, r-patched-solaris-x86, r-release-macos-arm64, r-release-macos-x86_64, r-oldrel-macos-x86_64

Version: 0.1.1
Check: installed package size
Result: NOTE
     installed size is 5.1Mb
     sub-directories of 1Mb or more:
     data 5.0Mb
Flavor: r-release-macos-arm64