Last updated on 2024-03-28 23:02:01 CET.
Flavor | Version | Tinstall | Tcheck | Ttotal | Status | Flags |
---|---|---|---|---|---|---|
r-devel-linux-x86_64-debian-clang | 0.0-0 | 28.35 | 27.73 | 56.08 | NOTE | |
r-devel-linux-x86_64-debian-gcc | 0.0-0 | 21.04 | 21.98 | 43.02 | NOTE | |
r-devel-linux-x86_64-fedora-clang | 0.0-0 | 75.99 | NOTE | |||
r-devel-linux-x86_64-fedora-gcc | 0.0-0 | 75.23 | NOTE | |||
r-devel-windows-x86_64 | 0.0-0 | 20.00 | 59.00 | 79.00 | NOTE | |
r-patched-linux-x86_64 | 0.0-0 | 26.82 | 28.07 | 54.89 | NOTE | |
r-release-linux-x86_64 | 0.0-0 | 30.57 | 27.61 | 58.18 | OK | |
r-release-macos-arm64 | 0.0-0 | 25.00 | OK | |||
r-release-macos-x86_64 | 0.0-0 | 36.00 | OK | |||
r-release-windows-x86_64 | 0.0-0 | 26.00 | 89.00 | 115.00 | OK | |
r-oldrel-macos-arm64 | 0.0-0 | 24.00 | OK | |||
r-oldrel-windows-x86_64 | 0.0-0 | 24.00 | 78.00 | 102.00 | OK |
Version: 0.0-0
Check: Rd files
Result: NOTE
checkRd: (-1) reg_1d.Rd:42: Lost braces; missing escapes or markup?
42 | \item Metric input is not in {1,2,3}: Metric does not exist
| ^
checkRd: (-1) reg_2d.Rd:33: Lost braces; missing escapes or markup?
33 | \item Metric input is not in {1,2,3}: Metric does not exist
| ^
Flavors: r-devel-linux-x86_64-debian-clang, r-devel-linux-x86_64-debian-gcc, r-devel-linux-x86_64-fedora-clang, r-devel-linux-x86_64-fedora-gcc, r-devel-windows-x86_64, r-patched-linux-x86_64