Last updated on 2023-12-09 21:54:34 CET.
Flavor | Version | Tinstall | Tcheck | Ttotal | Status | Flags |
---|---|---|---|---|---|---|
r-devel-linux-x86_64-debian-clang | 2.0-7 | 9.27 | 86.88 | 96.15 | NOTE | |
r-devel-linux-x86_64-debian-gcc | 2.0-7 | 8.32 | 65.09 | 73.41 | NOTE | |
r-devel-linux-x86_64-fedora-clang | 2.0-7 | 118.35 | NOTE | |||
r-devel-linux-x86_64-fedora-gcc | 2.0-7 | 115.66 | NOTE | |||
r-devel-windows-x86_64 | 2.0-7 | 13.00 | 117.00 | 130.00 | NOTE | |
r-patched-linux-x86_64 | 2.0-7 | 13.38 | 82.53 | 95.91 | NOTE | |
r-release-linux-x86_64 | 2.0-7 | 7.62 | 84.24 | 91.86 | NOTE | |
r-release-macos-arm64 | 2.0-7 | 42.00 | NOTE | |||
r-release-macos-x86_64 | 2.0-7 | 56.00 | NOTE | |||
r-release-windows-x86_64 | 2.0-7 | 17.00 | 137.00 | 154.00 | NOTE | |
r-oldrel-macos-arm64 | 2.0-7 | 49.00 | OK | |||
r-oldrel-macos-x86_64 | 2.0-7 | 84.00 | OK | |||
r-oldrel-windows-x86_64 | 2.0-7 | 16.00 | 139.00 | 155.00 | OK |
Version: 2.0-7
Check: Rd files
Result: NOTE
checkRd: (-1) aosat.Rd:20: Escaped LaTeX specials: \_ \_ \_
checkRd: (-1) aosat.Rd:21: Escaped LaTeX specials: \_
checkRd: (-1) arctic.oscillations.Rd:19: Escaped LaTeX specials: \_ \_ \_
checkRd: (-1) arctic.oscillations.Rd:20: Escaped LaTeX specials: \_
checkRd: (-1) babies.Rd:28: Escaped LaTeX specials: \&
checkRd: (-1) babies.Rd:41: Escaped LaTeX specials: \$
checkRd: (-1) cabinet.Rd:25: Escaped LaTeX specials: \$
checkRd: (-1) cabinet.Rd:43: Escaped LaTeX specials: \$
checkRd: (-1) cabinet.Rd:48: Escaped LaTeX specials: \$
checkRd: (-1) exec.pay.Rd:5: Escaped LaTeX specials: \$
checkRd: (-1) sp500.excess.Rd:4: Escaped LaTeX specials: \&
checkRd: (-1) sp500.excess.Rd:6: Escaped LaTeX specials: \&
Flavors: r-devel-linux-x86_64-debian-clang, r-devel-linux-x86_64-debian-gcc, r-devel-linux-x86_64-fedora-clang, r-devel-linux-x86_64-fedora-gcc, r-devel-windows-x86_64, r-patched-linux-x86_64, r-release-linux-x86_64, r-release-macos-arm64, r-release-macos-x86_64, r-release-windows-x86_64