CRAN Package Check Results for Package VARSEDIG

Last updated on 2021-07-31 22:53:54 CEST.

Flavor Version Tinstall Tcheck Ttotal Status Flags
r-devel-linux-x86_64-debian-clang 1.9 5.23 46.18 51.41 NOTE
r-devel-linux-x86_64-debian-gcc 1.9 4.60 34.76 39.36 NOTE
r-devel-linux-x86_64-fedora-clang 1.9 68.39 NOTE
r-devel-linux-x86_64-fedora-gcc 1.9 58.03 NOTE
r-devel-windows-x86_64 1.9 7.00 65.00 72.00 OK
r-devel-windows-x86_64-gcc10-UCRT 1.9 OK
r-patched-linux-x86_64 1.9 NOTE
r-patched-solaris-x86 1.9 83.30 NOTE
r-release-linux-x86_64 1.9 4.59 43.07 47.66 NOTE
r-release-macos-arm64 1.9 OK
r-release-macos-x86_64 1.9 OK
r-release-windows-ix86+x86_64 1.9 10.00 46.00 56.00 OK
r-oldrel-macos-x86_64 1.9 OK
r-oldrel-windows-ix86+x86_64 1.9 7.00 64.00 71.00 OK

Check Details

Version: 1.9
Check: for non-standard things in the check directory
Result: NOTE
    Found the following files/directories:
     'Output.txt' 'Overlap.csv' 'Polar coordinates.csv'
Flavors: r-devel-linux-x86_64-debian-clang, r-devel-linux-x86_64-debian-gcc, r-devel-linux-x86_64-fedora-clang, r-devel-linux-x86_64-fedora-gcc, r-patched-linux-x86_64, r-patched-solaris-x86, r-release-linux-x86_64

Version: 1.9
Check: Rd cross-references
Result: NOTE
    Undeclared package ‘candisc’ in Rd xrefs
Flavor: r-devel-linux-x86_64-fedora-clang