Last updated on 2023-09-29 21:54:09 CEST.
Flavor | Version | Tinstall | Tcheck | Ttotal | Status | Flags |
---|---|---|---|---|---|---|
r-devel-linux-x86_64-debian-clang | 0.3.1 | 5.98 | 324.36 | 330.34 | NOTE | |
r-devel-linux-x86_64-debian-gcc | 0.3.1 | 4.55 | 229.37 | 233.92 | NOTE | |
r-devel-linux-x86_64-fedora-clang | 0.3.1 | 394.12 | NOTE | |||
r-devel-linux-x86_64-fedora-gcc | 0.3.1 | 419.50 | NOTE | |||
r-devel-windows-x86_64 | 0.3.1 | 8.00 | 219.00 | 227.00 | NOTE | |
r-patched-linux-x86_64 | 0.3.1 | 5.19 | 308.08 | 313.27 | NOTE | |
r-release-linux-x86_64 | 0.3.1 | 5.24 | 309.81 | 315.05 | NOTE | |
r-release-macos-arm64 | 0.3.1 | 96.00 | NOTE | |||
r-release-macos-x86_64 | 0.3.1 | 182.00 | NOTE | |||
r-release-windows-x86_64 | 0.3.1 | 9.00 | 291.00 | 300.00 | NOTE | |
r-oldrel-macos-arm64 | 0.3.1 | 72.00 | NOTE | |||
r-oldrel-macos-x86_64 | 0.3.1 | 114.00 | NOTE | |||
r-oldrel-windows-x86_64 | 0.3.1 | 9.00 | 291.00 | 300.00 | NOTE |
Version: 0.3.1
Check: LazyData
Result: NOTE
'LazyData' is specified without a 'data' directory
Flavors: r-devel-linux-x86_64-debian-clang, r-devel-linux-x86_64-debian-gcc, r-devel-linux-x86_64-fedora-clang, r-devel-linux-x86_64-fedora-gcc, r-devel-windows-x86_64, r-patched-linux-x86_64, r-release-linux-x86_64, r-release-macos-arm64, r-release-macos-x86_64, r-release-windows-x86_64, r-oldrel-macos-arm64, r-oldrel-macos-x86_64, r-oldrel-windows-x86_64