CRAN Package Check Results for Package VARshrink

Last updated on 2021-06-22 22:56:55 CEST.

Flavor Version Tinstall Tcheck Ttotal Status Flags
r-devel-linux-x86_64-debian-clang 0.3.1 6.52 308.48 315.00 NOTE
r-devel-linux-x86_64-debian-gcc 0.3.1 5.54 212.52 218.06 NOTE
r-devel-linux-x86_64-fedora-clang 0.3.1 350.96 NOTE
r-devel-linux-x86_64-fedora-gcc 0.3.1 356.46 NOTE
r-devel-windows-x86_64 0.3.1 10.00 317.00 327.00 NOTE
r-devel-windows-x86_64-gcc10-UCRT 0.3.1 WARN
r-patched-linux-x86_64 0.3.1 5.85 283.87 289.72 NOTE
r-patched-solaris-x86 0.3.1 393.90 NOTE
r-release-linux-x86_64 0.3.1 6.70 284.29 290.99 NOTE
r-release-macos-arm64 0.3.1 NOTE
r-release-macos-x86_64 0.3.1 NOTE
r-release-windows-ix86+x86_64 0.3.1 13.00 350.00 363.00 NOTE
r-oldrel-macos-x86_64 0.3.1 OK

Check Details

Version: 0.3.1
Check: LazyData
Result: NOTE
     'LazyData' is specified without a 'data' directory
Flavors: r-devel-linux-x86_64-debian-clang, r-devel-linux-x86_64-debian-gcc, r-devel-linux-x86_64-fedora-clang, r-devel-linux-x86_64-fedora-gcc, r-devel-windows-x86_64, r-devel-windows-x86_64-gcc10-UCRT, r-patched-linux-x86_64, r-patched-solaris-x86, r-release-linux-x86_64, r-release-macos-arm64, r-release-macos-x86_64, r-release-windows-ix86+x86_64

Version: 0.3.1
Check: package dependencies
Result: NOTE
    Package suggested but not available for checking: 'kableExtra'
Flavor: r-devel-windows-x86_64-gcc10-UCRT

Version: 0.3.1
Check: re-building of vignette outputs
Result: WARN
    Error(s) in re-building vignettes:
     ...
    --- re-building 'article_html_varshrink.Rmd' using rmarkdown
    Quitting from lines 149-160 (article_html_varshrink.Rmd)
    Error: processing vignette 'article_html_varshrink.Rmd' failed with diagnostics:
    there is no package called 'kableExtra'
    --- failed re-building 'article_html_varshrink.Rmd'
    
    SUMMARY: processing the following file failed:
     'article_html_varshrink.Rmd'
    
    Error: Vignette re-building failed.
    Execution halted
Flavor: r-devel-windows-x86_64-gcc10-UCRT