CRAN Package Check Results for Package VARshrink

Last updated on 2021-11-29 22:59:28 CET.

Flavor Version Tinstall Tcheck Ttotal Status Flags
r-devel-linux-x86_64-debian-clang 0.3.1 5.93 302.96 308.89 NOTE
r-devel-linux-x86_64-debian-gcc 0.3.1 4.19 213.77 217.96 NOTE
r-devel-linux-x86_64-fedora-clang 0.3.1 357.43 NOTE
r-devel-linux-x86_64-fedora-gcc 0.3.1 348.35 NOTE
r-devel-windows-x86_64-new-UL 0.3.1 15.00 351.00 366.00 NOTE
r-devel-windows-x86_64-new-TK 0.3.1 NOTE
r-devel-windows-x86_64-old 0.3.1 11.00 279.00 290.00 NOTE
r-patched-linux-x86_64 0.3.1 6.30 284.68 290.98 NOTE
r-patched-solaris-x86 0.3.1 95.30 NOTE
r-release-linux-x86_64 0.3.1 5.65 288.23 293.88 NOTE
r-release-macos-arm64 0.3.1 NOTE
r-release-macos-x86_64 0.3.1 NOTE
r-release-windows-ix86+x86_64 0.3.1 13.00 334.00 347.00 NOTE
r-oldrel-macos-x86_64 0.3.1 OK
r-oldrel-windows-ix86+x86_64 0.3.1 9.00 304.00 313.00 OK

Check Details

Version: 0.3.1
Check: LazyData
Result: NOTE
     'LazyData' is specified without a 'data' directory
Flavors: r-devel-linux-x86_64-debian-clang, r-devel-linux-x86_64-debian-gcc, r-devel-linux-x86_64-fedora-clang, r-devel-linux-x86_64-fedora-gcc, r-devel-windows-x86_64-new-UL, r-devel-windows-x86_64-new-TK, r-devel-windows-x86_64-old, r-patched-linux-x86_64, r-patched-solaris-x86, r-release-linux-x86_64, r-release-macos-arm64, r-release-macos-x86_64, r-release-windows-ix86+x86_64