CRAN Package Check Results for Package VDAP

Last updated on 2021-11-27 22:57:14 CET.

Flavor Version Tinstall Tcheck Ttotal Status Flags
r-devel-linux-x86_64-debian-clang 2.0.0 NOTE
r-devel-linux-x86_64-debian-gcc 2.0.0 9.00 71.30 80.30 NOTE
r-devel-linux-x86_64-fedora-clang 2.0.0 133.17 NOTE
r-devel-linux-x86_64-fedora-gcc 2.0.0 123.72 NOTE
r-devel-windows-x86_64-new-UL 2.0.0 21.00 137.00 158.00 NOTE
r-devel-windows-x86_64-new-TK 2.0.0 NOTE
r-devel-windows-x86_64-old 2.0.0 16.00 121.00 137.00 NOTE
r-patched-linux-x86_64 2.0.0 8.65 86.82 95.47 NOTE
r-patched-solaris-x86 2.0.0 196.20 NOTE
r-release-linux-x86_64 2.0.0 NOTE
r-release-macos-arm64 2.0.0 NOTE
r-release-macos-x86_64 2.0.0 NOTE
r-release-windows-ix86+x86_64 2.0.0 26.00 85.00 111.00 NOTE
r-oldrel-macos-x86_64 2.0.0 OK
r-oldrel-windows-ix86+x86_64 2.0.0 41.00 119.00 160.00 OK

Check Details

Version: 2.0.0
Check: LazyData
Result: NOTE
     'LazyData' is specified without a 'data' directory
Flavors: r-devel-linux-x86_64-debian-clang, r-devel-linux-x86_64-debian-gcc, r-devel-linux-x86_64-fedora-clang, r-devel-linux-x86_64-fedora-gcc, r-devel-windows-x86_64-new-UL, r-devel-windows-x86_64-new-TK, r-devel-windows-x86_64-old, r-patched-linux-x86_64, r-patched-solaris-x86, r-release-linux-x86_64, r-release-macos-arm64, r-release-macos-x86_64, r-release-windows-ix86+x86_64