Last updated on 2024-04-18 22:53:05 CEST.
Flavor | Version | Tinstall | Tcheck | Ttotal | Status | Flags |
---|---|---|---|---|---|---|
r-devel-linux-x86_64-debian-clang | 1.1-9 | 8.30 | 75.00 | 83.30 | OK | |
r-devel-linux-x86_64-debian-gcc | 1.1-9 | 7.76 | 56.64 | 64.40 | OK | |
r-devel-linux-x86_64-fedora-clang | 1.1-9 | 103.22 | OK | |||
r-devel-linux-x86_64-fedora-gcc | 1.1-9 | 100.03 | OK | |||
r-prerel-macos-arm64 | 1.1-9 | 28.00 | OK | |||
r-prerel-windows-x86_64 | 1.1-9 | 10.00 | 89.00 | 99.00 | OK | |
r-patched-linux-x86_64 | 1.1-9 | 13.09 | 72.64 | 85.73 | OK | |
r-release-linux-x86_64 | 1.1-9 | 8.93 | 71.74 | 80.67 | OK | |
r-release-macos-arm64 | 1.1-9 | 35.00 | WARN | |||
r-release-macos-x86_64 | 1.1-9 | 82.00 | WARN | |||
r-release-windows-x86_64 | 1.1-9 | 10.00 | 102.00 | 112.00 | OK | |
r-oldrel-macos-arm64 | 1.1-9 | 38.00 | WARN | |||
r-oldrel-windows-x86_64 | 1.1-9 | 14.00 | 105.00 | 119.00 | OK |
Version: 1.1-9
Check: Rd cross-references
Result: WARN
Missing link or links in documentation object 'bigamma.mckay.Rd':
‘[VGAM]{gammaff.mm}’
See section 'Cross-references' in the 'Writing R Extensions' manual.
Flavors: r-release-macos-arm64, r-release-macos-x86_64, r-oldrel-macos-arm64