CRAN Package Check Results for Package VTrack

Last updated on 2021-05-14 23:51:05 CEST.

Flavor Version Tinstall Tcheck Ttotal Status Flags
r-devel-linux-x86_64-debian-clang 1.21 23.20 219.97 243.17 OK
r-devel-linux-x86_64-debian-gcc 1.21 21.44 164.75 186.19 OK
r-devel-linux-x86_64-fedora-clang 1.21 306.12 NOTE
r-devel-linux-x86_64-fedora-gcc 1.21 289.43 NOTE
r-devel-windows-ix86+x86_64 1.21 60.00 248.00 308.00 OK
r-devel-windows-x86_64-gcc10-UCRT 1.21 NOTE
r-patched-linux-x86_64 1.21 25.03 207.88 232.91 OK
r-patched-solaris-x86 1.21 429.80 NOTE
r-release-linux-x86_64 1.21 22.14 199.59 221.73 OK
r-release-macos-x86_64 1.21 NOTE
r-release-windows-ix86+x86_64 1.21 44.00 218.00 262.00 OK
r-oldrel-macos-x86_64 1.21 NOTE
r-oldrel-windows-ix86+x86_64 1.21 37.00 242.00 279.00 OK

Check Details

Version: 1.21
Check: dependencies in R code
Result: NOTE
    Namespaces in Imports field not imported from:
     ‘Hmisc’ ‘XML’ ‘checkmate’ ‘gstat’ ‘intervals’
     All declared Imports should be used.
Flavors: r-devel-linux-x86_64-fedora-clang, r-devel-linux-x86_64-fedora-gcc, r-devel-windows-x86_64-gcc10-UCRT, r-patched-solaris-x86, r-release-macos-x86_64, r-oldrel-macos-x86_64