CRAN Package Check Results for Package VarBundle

Last updated on 2020-02-17 22:49:52 CET.

Flavor Version Tinstall Tcheck Ttotal Status Flags
r-devel-linux-x86_64-debian-clang 0.3.0 4.10 39.32 43.42 NOTE
r-devel-linux-x86_64-debian-gcc 0.3.0 3.29 30.20 33.49 NOTE
r-devel-linux-x86_64-fedora-clang 0.3.0 53.83 OK
r-devel-linux-x86_64-fedora-gcc 0.3.0 54.13 OK
r-devel-windows-ix86+x86_64 0.3.0 11.00 48.00 59.00 NOTE
r-devel-windows-ix86+x86_64-gcc8 0.3.0 13.00 70.00 83.00 NOTE
r-patched-linux-x86_64 0.3.0 2.44 33.78 36.22 OK
r-patched-solaris-x86 0.3.0 69.60 OK
r-release-linux-x86_64 0.3.0 2.98 33.89 36.87 OK
r-release-windows-ix86+x86_64 0.3.0 8.00 43.00 51.00 OK
r-release-osx-x86_64 0.3.0 OK
r-oldrel-windows-ix86+x86_64 0.3.0 5.00 48.00 53.00 OK
r-oldrel-osx-x86_64 0.3.0 OK

Check Details

Version: 0.3.0
Check: package vignettes
Result: NOTE
    Package vignette with placeholder title 'Vignette Title':
     'intro-to-varbundle.Rmd'
Flavors: r-devel-linux-x86_64-debian-clang, r-devel-linux-x86_64-debian-gcc, r-devel-windows-ix86+x86_64, r-devel-windows-ix86+x86_64-gcc8