CRAN Package Check Results for Package VarBundle

Last updated on 2019-09-17 22:48:22 CEST.

Flavor Version Tinstall Tcheck Ttotal Status Flags
r-devel-linux-x86_64-debian-clang 0.3.0 3.21 33.49 36.70 NOTE
r-devel-linux-x86_64-debian-gcc 0.3.0 2.70 25.98 28.68 NOTE
r-devel-linux-x86_64-fedora-clang 0.3.0 46.20 OK
r-devel-linux-x86_64-fedora-gcc 0.3.0 44.72 OK
r-devel-windows-ix86+x86_64 0.3.0 17.00 74.00 91.00 NOTE
r-patched-linux-x86_64 0.3.0 2.85 32.11 34.96 OK
r-patched-solaris-x86 0.3.0 66.10 OK
r-release-linux-x86_64 0.3.0 3.24 32.44 35.68 OK
r-release-windows-ix86+x86_64 0.3.0 10.00 48.00 58.00 OK
r-release-osx-x86_64 0.3.0 OK
r-oldrel-windows-ix86+x86_64 0.3.0 8.00 50.00 58.00 OK
r-oldrel-osx-x86_64 0.3.0 OK

Check Details

Version: 0.3.0
Check: package vignettes
Result: NOTE
    Package vignette with placeholder title 'Vignette Title':
     'intro-to-varbundle.Rmd'
Flavors: r-devel-linux-x86_64-debian-clang, r-devel-linux-x86_64-debian-gcc, r-devel-windows-ix86+x86_64