CRAN Package Check Results for Package VariableScreening

Last updated on 2024-05-25 21:57:15 CEST.

Flavor Version Tinstall Tcheck Ttotal Status Flags
r-devel-linux-x86_64-debian-clang 0.2.1 8.83 88.84 97.67 NOTE
r-devel-linux-x86_64-debian-gcc 0.2.1 7.04 65.94 72.98 NOTE
r-devel-linux-x86_64-fedora-clang 0.2.1 119.77 NOTE
r-devel-linux-x86_64-fedora-gcc 0.2.1 120.74 NOTE
r-devel-windows-x86_64 0.2.1 8.00 79.00 87.00 NOTE
r-patched-linux-x86_64 0.2.1 7.35 85.99 93.34 NOTE
r-release-linux-x86_64 0.2.1 7.60 87.27 94.87 NOTE
r-release-macos-arm64 0.2.1 38.00 NOTE
r-release-windows-x86_64 0.2.1 7.00 382.00 389.00 NOTE
r-oldrel-macos-arm64 0.2.1 39.00 OK
r-oldrel-macos-x86_64 0.2.1 65.00 OK
r-oldrel-windows-x86_64 0.2.1 9.00 91.00 100.00 OK

Check Details

Version: 0.2.1
Check: Rd files
Result: NOTE checkRd: (-1) simulateDCSIS.Rd:40: Lost braces 40 | Y = 6*X1 + 1.5*X2 + 9*1{X12 < 0} + exp(2*X22)*e | ^ checkRd: (-1) simulateDCSIS.Rd:42: Lost braces 42 | Y = 6*X1 + 1.5*X2 + 9*1{X12 < 0} + 6*X22 + e | ^ Flavors: r-devel-linux-x86_64-debian-clang, r-devel-linux-x86_64-debian-gcc, r-devel-linux-x86_64-fedora-clang, r-devel-linux-x86_64-fedora-gcc, r-devel-windows-x86_64, r-patched-linux-x86_64, r-release-linux-x86_64, r-release-macos-arm64, r-release-windows-x86_64