Last updated on 2024-03-28 23:02:02 CET.
Flavor | Version | Tinstall | Tcheck | Ttotal | Status | Flags |
---|---|---|---|---|---|---|
r-devel-linux-x86_64-debian-clang | 2.2-7 | 9.12 | 38.08 | 47.20 | OK | |
r-devel-linux-x86_64-debian-gcc | 2.2-7 | 4.81 | 30.58 | 35.39 | OK | |
r-devel-linux-x86_64-fedora-clang | 2.2-7 | 58.34 | NOTE | |||
r-devel-linux-x86_64-fedora-gcc | 2.2-7 | 57.36 | NOTE | |||
r-devel-windows-x86_64 | 2.2-7 | 7.00 | 50.00 | 57.00 | OK | |
r-patched-linux-x86_64 | 2.2-7 | 7.83 | 38.32 | 46.15 | OK | |
r-release-linux-x86_64 | 2.2-7 | 6.33 | 39.21 | 45.54 | OK | |
r-release-macos-arm64 | 2.2-7 | 25.00 | OK | |||
r-release-macos-x86_64 | 2.2-7 | 41.00 | OK | |||
r-release-windows-x86_64 | 2.2-7 | 10.00 | 57.00 | 67.00 | OK | |
r-oldrel-macos-arm64 | 2.2-7 | 30.00 | OK | |||
r-oldrel-windows-x86_64 | 2.2-7 | 10.00 | 59.00 | 69.00 | OK |
Version: 2.2-7
Check: compiled code
Result: NOTE
File ‘Vdgraph/libs/Vdgraph.so’:
Found no calls to: ‘R_registerRoutines’, ‘R_useDynamicSymbols’
It is good practice to register native routines and to disable symbol
search.
See ‘Writing portable packages’ in the ‘Writing R Extensions’ manual.
Flavors: r-devel-linux-x86_64-fedora-clang, r-devel-linux-x86_64-fedora-gcc