CRAN Package Check Results for Package VetResearchLMM

Last updated on 2020-01-18 22:48:48 CET.

Flavor Version Tinstall Tcheck Ttotal Status Flags
r-devel-linux-x86_64-debian-clang 1.0.0 9.17 84.00 93.17 OK
r-devel-linux-x86_64-debian-gcc 1.0.0 8.49 65.03 73.52 OK
r-devel-linux-x86_64-fedora-clang 1.0.0 116.96 NOTE
r-devel-linux-x86_64-fedora-gcc 1.0.0 116.00 NOTE
r-devel-windows-ix86+x86_64 1.0.0 31.00 143.00 174.00 OK
r-devel-windows-ix86+x86_64-gcc8 1.0.0 24.00 110.00 134.00 OK
r-patched-linux-x86_64 1.0.0 8.55 71.12 79.67 OK
r-patched-solaris-x86 1.0.0 151.90 NOTE
r-release-linux-x86_64 1.0.0 7.77 70.91 78.68 OK
r-release-windows-ix86+x86_64 1.0.0 29.00 84.00 113.00 OK
r-release-osx-x86_64 1.0.0 NOTE
r-oldrel-windows-ix86+x86_64 1.0.0 16.00 128.00 144.00 OK
r-oldrel-osx-x86_64 1.0.0 NOTE

Check Details

Version: 1.0.0
Check: dependencies in R code
Result: NOTE
    Namespace in Imports field not imported from: ‘nlme’
     All declared Imports should be used.
Flavors: r-devel-linux-x86_64-fedora-clang, r-devel-linux-x86_64-fedora-gcc, r-patched-solaris-x86, r-release-osx-x86_64, r-oldrel-osx-x86_64