Last updated on 2024-04-18 22:53:05 CEST.
Flavor | Version | Tinstall | Tcheck | Ttotal | Status | Flags |
---|---|---|---|---|---|---|
r-devel-linux-x86_64-debian-clang | 0.2.3 | 9.68 | 95.68 | 105.36 | NOTE | |
r-devel-linux-x86_64-debian-gcc | 0.2.3 | 6.55 | 70.48 | 77.03 | NOTE | |
r-devel-linux-x86_64-fedora-clang | 0.2.3 | 127.50 | NOTE | |||
r-devel-linux-x86_64-fedora-gcc | 0.2.3 | 134.81 | NOTE | |||
r-prerel-macos-arm64 | 0.2.3 | 51.00 | NOTE | |||
r-prerel-windows-x86_64 | 0.2.3 | 9.00 | 122.00 | 131.00 | NOTE | |
r-patched-linux-x86_64 | 0.2.3 | 6.88 | 92.50 | 99.38 | NOTE | |
r-release-linux-x86_64 | 0.2.3 | 5.17 | 88.91 | 94.08 | OK | |
r-release-macos-arm64 | 0.2.3 | 47.00 | OK | |||
r-release-macos-x86_64 | 0.2.3 | 81.00 | OK | |||
r-release-windows-x86_64 | 0.2.3 | 11.00 | 131.00 | 142.00 | OK | |
r-oldrel-macos-arm64 | 0.2.3 | 44.00 | OK | |||
r-oldrel-windows-x86_64 | 0.2.3 | 12.00 | 135.00 | 147.00 | OK |
Version: 0.2.3
Check: Rd files
Result: NOTE
checkRd: (-1) show_query.Rd:27: Lost braces in \itemize; meant \describe ?
checkRd: (-1) show_query.Rd:28: Lost braces in \itemize; meant \describe ?
checkRd: (-1) show_query.Rd:29: Lost braces in \itemize; meant \describe ?
Flavors: r-devel-linux-x86_64-debian-clang, r-devel-linux-x86_64-debian-gcc, r-devel-linux-x86_64-fedora-clang, r-devel-linux-x86_64-fedora-gcc, r-prerel-macos-arm64, r-prerel-windows-x86_64, r-patched-linux-x86_64
Version: 0.2.3
Check: dependencies in R code
Result: NOTE
Namespaces in Imports field not imported from:
‘kableExtra’ ‘knitr’ ‘leaflet’ ‘mapview’
All declared Imports should be used.
Flavors: r-devel-linux-x86_64-fedora-clang, r-devel-linux-x86_64-fedora-gcc