CRAN Package Check Results for Package ViewPipeSteps

Last updated on 2023-09-28 23:09:02 CEST.

Flavor Version Tinstall Tcheck Ttotal Status Flags
r-devel-linux-x86_64-debian-clang 0.1.0 2.36 23.12 25.48 OK
r-devel-linux-x86_64-debian-gcc 0.1.0 2.00 17.59 19.59 OK
r-devel-linux-x86_64-fedora-clang 0.1.0 30.83 NOTE
r-devel-linux-x86_64-fedora-gcc 0.1.0 31.59 NOTE
r-devel-windows-x86_64 0.1.0 4.00 37.00 41.00 OK
r-patched-linux-x86_64 0.1.0 2.46 22.13 24.59 OK
r-release-linux-x86_64 0.1.0 2.27 22.76 25.03 OK
r-release-macos-arm64 0.1.0 16.00 OK
r-release-macos-x86_64 0.1.0 20.00 OK
r-release-windows-x86_64 0.1.0 4.00 41.00 45.00 OK
r-oldrel-macos-arm64 0.1.0 16.00 NOTE
r-oldrel-macos-x86_64 0.1.0 26.00 NOTE
r-oldrel-windows-x86_64 0.1.0 4.00 42.00 46.00 OK

Check Details

Version: 0.1.0
Check: dependencies in R code
Result: NOTE
    Namespace in Imports field not imported from: ‘dplyr’
     All declared Imports should be used.
Flavors: r-devel-linux-x86_64-fedora-clang, r-devel-linux-x86_64-fedora-gcc, r-oldrel-macos-arm64, r-oldrel-macos-x86_64