CRAN Package Check Results for Package WDI

Last updated on 2023-10-02 22:08:15 CEST.

Flavor Version Tinstall Tcheck Ttotal Status Flags
r-devel-linux-x86_64-debian-clang 2.7.8 2.83 25.25 28.08 OK
r-devel-linux-x86_64-debian-gcc 2.7.8 2.21 20.32 22.53 OK
r-devel-linux-x86_64-fedora-clang 2.7.8 34.79 NOTE
r-devel-linux-x86_64-fedora-gcc 2.7.8 34.25 NOTE
r-devel-windows-x86_64 2.7.8 5.00 44.00 49.00 OK
r-patched-linux-x86_64 2.7.8 2.92 24.73 27.65 OK
r-release-linux-x86_64 2.7.8 2.76 25.05 27.81 OK
r-release-macos-arm64 2.7.8 15.00 OK
r-release-macos-x86_64 2.7.8 21.00 OK
r-release-windows-x86_64 2.7.8 5.00 42.00 47.00 OK
r-oldrel-macos-arm64 2.7.8 18.00 OK
r-oldrel-macos-x86_64 2.7.8 23.00 NOTE
r-oldrel-windows-x86_64 2.7.8 6.00 45.00 51.00 OK

Check Details

Version: 2.7.8
Check: data for non-ASCII characters
Result: NOTE
     Note: found 1668 marked UTF-8 strings
Flavors: r-devel-linux-x86_64-fedora-clang, r-devel-linux-x86_64-fedora-gcc, r-oldrel-macos-x86_64