CRAN Package Check Results for Package WGCNA

Last updated on 2021-06-18 22:54:49 CEST.

Flavor Version Tinstall Tcheck Ttotal Status Flags
r-devel-linux-x86_64-debian-clang 1.70-3 75.78 402.32 478.10 OK
r-devel-linux-x86_64-debian-gcc 1.70-3 53.86 297.76 351.62 OK
r-devel-linux-x86_64-fedora-clang 1.70-3 583.14 OK
r-devel-linux-x86_64-fedora-gcc 1.70-3 560.62 OK
r-devel-windows-x86_64 1.70-3 103.00 462.00 565.00 OK
r-devel-windows-x86_64-gcc10-UCRT 1.70-3 NOTE
r-patched-linux-x86_64 1.70-3 78.68 377.73 456.41 OK
r-patched-solaris-x86 1.70-3 707.20 OK
r-release-linux-x86_64 1.70-3 71.44 376.84 448.28 OK
r-release-macos-arm64 1.70-3 ERROR
r-release-macos-x86_64 1.70-3 ERROR
r-release-windows-ix86+x86_64 1.70-3 143.00 600.00 743.00 NOTE
r-oldrel-macos-x86_64 1.70-3 OK
r-oldrel-windows-ix86+x86_64 1.70-3 100.00 527.00 627.00 NOTE

Check Details

Version: 1.70-3
Check: package dependencies
Result: NOTE
    Package suggested but not available for checking: 'org.Mm.eg.db'
Flavor: r-devel-windows-x86_64-gcc10-UCRT

Version: 1.70-3
Check: package dependencies
Result: ERROR
    Package required but not available: ‘GO.db’
    
    Packages suggested but not available for checking:
     'org.Hs.eg.db', 'org.Mm.eg.db', 'minet'
    
    See section ‘The DESCRIPTION file’ in the ‘Writing R Extensions’
    manual.
Flavor: r-release-macos-arm64

Version: 1.70-3
Check: package dependencies
Result: ERROR
    Package required but not available: ‘GO.db’
    
    Packages suggested but not available for checking:
     'org.Hs.eg.db', 'org.Mm.eg.db'
    
    See section ‘The DESCRIPTION file’ in the ‘Writing R Extensions’
    manual.
Flavor: r-release-macos-x86_64

Version: 1.70-3
Check: installed package size
Result: NOTE
     installed size is 5.1Mb
     sub-directories of 1Mb or more:
     R 1.2Mb
     libs 2.2Mb
Flavors: r-release-windows-ix86+x86_64, r-oldrel-windows-ix86+x86_64